CRAN Package Check Results for Package vcdExtra

Last updated on 2022-09-30 23:55:46 CEST.

Flavor Version Tinstall Tcheck Ttotal Status Flags
r-devel-linux-x86_64-debian-clang 0.8-0 11.75 160.53 172.28 NOTE
r-devel-linux-x86_64-debian-gcc 0.8-0 7.60 118.65 126.25 NOTE
r-devel-linux-x86_64-fedora-clang 0.8-0 218.07 NOTE
r-devel-linux-x86_64-fedora-gcc 0.8-0 220.23 NOTE
r-devel-windows-x86_64 0.8-0 74.00 245.00 319.00 NOTE
r-patched-linux-x86_64 0.8-0 16.16 151.09 167.25 OK
r-release-linux-x86_64 0.8-0 9.53 151.18 160.71 OK
r-release-macos-arm64 0.8-0 61.00 OK
r-release-macos-x86_64 0.8-0 82.00 OK
r-release-windows-x86_64 0.8-0 63.00 232.00 295.00 OK
r-oldrel-macos-arm64 0.8-0 61.00 OK
r-oldrel-macos-x86_64 0.8-0 92.00 OK
r-oldrel-windows-ix86+x86_64 0.8-0 25.00 213.00 238.00 OK

Check Details

Version: 0.8-0
Check: Rd files
Result: NOTE
    checkRd: (-1) Glass.Rd:21: Escaped LaTeX specials: \&
    checkRd: (-1) Glass.Rd:22: Escaped LaTeX specials: \&
    checkRd: (-1) Glass.Rd:23: Escaped LaTeX specials: \&
    checkRd: (-1) Glass.Rd:24: Escaped LaTeX specials: \&
    checkRd: (-1) Glass.Rd:25: Escaped LaTeX specials: \&
    checkRd: (-1) Glass.Rd:28: Escaped LaTeX specials: \&
Flavors: r-devel-linux-x86_64-debian-clang, r-devel-linux-x86_64-debian-gcc, r-devel-linux-x86_64-fedora-clang, r-devel-linux-x86_64-fedora-gcc, r-devel-windows-x86_64