CRAN Package Check Results for Package vcmeta

Last updated on 2021-10-16 16:49:40 CEST.

Flavor Version Tinstall Tcheck Ttotal Status Flags
r-devel-linux-x86_64-debian-clang 1.0.0 10.94 83.18 94.12 OK
r-devel-linux-x86_64-debian-gcc 1.0.0 8.31 60.51 68.82 OK
r-devel-linux-x86_64-fedora-clang 1.0.0 123.75 NOTE
r-devel-linux-x86_64-fedora-gcc 1.0.0 110.34 NOTE
r-devel-windows-x86_64 1.0.0 18.00 85.00 103.00 OK
r-devel-windows-x86_64-gcc10-UCRT 1.0.0 NOTE
r-patched-linux-x86_64 1.0.0 10.12 77.63 87.75 OK
r-patched-solaris-x86 1.0.0 133.10 NOTE
r-release-linux-x86_64 1.0.0 10.54 76.62 87.16 OK
r-release-macos-arm64 1.0.0 NOTE
r-release-macos-x86_64 1.0.0 NOTE
r-release-windows-ix86+x86_64 1.0.0 22.00 117.00 139.00 OK
r-oldrel-macos-x86_64 1.0.0 NOTE
r-oldrel-windows-ix86+x86_64 1.0.0 22.00 115.00 137.00 OK

Check Details

Version: 1.0.0
Check: dependencies in R code
Result: NOTE
    Namespace in Imports field not imported from: ‘mathjaxr’
     All declared Imports should be used.
Flavors: r-devel-linux-x86_64-fedora-clang, r-devel-linux-x86_64-fedora-gcc, r-devel-windows-x86_64-gcc10-UCRT, r-patched-solaris-x86, r-release-macos-arm64, r-release-macos-x86_64, r-oldrel-macos-x86_64