CRAN Package Check Results for Package vdg

Last updated on 2021-11-28 14:50:17 CET.

Flavor Version Tinstall Tcheck Ttotal Status Flags
r-devel-linux-x86_64-debian-clang 1.2.1 OK
r-devel-linux-x86_64-debian-gcc 1.2.1 12.38 174.13 186.51 OK
r-devel-linux-x86_64-fedora-clang 1.2.1 307.46 NOTE
r-devel-linux-x86_64-fedora-gcc 1.2.1 281.17 NOTE
r-devel-windows-x86_64-new-UL 1.2.1 33.00 359.00 392.00 OK
r-devel-windows-x86_64-new-TK 1.2.1 OK
r-devel-windows-x86_64-old 1.2.1 23.00 287.00 310.00 OK
r-patched-linux-x86_64 1.2.1 21.51 205.67 227.18 OK
r-patched-solaris-x86 1.2.1 360.00 OK
r-release-linux-x86_64 1.2.1 16.21 205.63 221.84 OK
r-release-macos-arm64 1.2.1 OK
r-release-macos-x86_64 1.2.1 OK
r-release-windows-ix86+x86_64 1.2.1 41.00 246.00 287.00 OK
r-oldrel-macos-x86_64 1.2.1 OK
r-oldrel-windows-ix86+x86_64 1.2.1 60.00 339.00 399.00 OK

Check Details

Version: 1.2.1
Check: compiled code
Result: NOTE
    File ‘vdg/libs/vdg.so’:
     Found no calls to: ‘R_registerRoutines’, ‘R_useDynamicSymbols’
    
    It is good practice to register native routines and to disable symbol
    search.
    
    See ‘Writing portable packages’ in the ‘Writing R Extensions’ manual.
Flavors: r-devel-linux-x86_64-fedora-clang, r-devel-linux-x86_64-fedora-gcc