CRAN Package Check Results for Package vdiffr

Last updated on 2023-02-08 23:57:27 CET.

Flavor Version Tinstall Tcheck Ttotal Status Flags
r-devel-linux-x86_64-debian-clang 1.0.5 20.22 32.07 52.29 NOTE
r-devel-linux-x86_64-debian-gcc 1.0.5 15.41 24.94 40.35 NOTE
r-devel-linux-x86_64-fedora-clang 1.0.5 118.24 NOTE
r-devel-linux-x86_64-fedora-gcc 1.0.5 67.72 NOTE
r-devel-windows-x86_64 1.0.5 101.00 86.00 187.00 NOTE
r-patched-linux-x86_64 1.0.5 14.32 30.80 45.12 OK
r-release-linux-x86_64 1.0.5 14.65 31.84 46.49 OK
r-release-macos-arm64 1.0.5 62.00 OK
r-release-macos-x86_64 1.0.5 60.00 OK
r-release-windows-x86_64 1.0.5 49.00 85.00 134.00 OK
r-oldrel-macos-arm64 1.0.5 50.00 OK
r-oldrel-macos-x86_64 1.0.5 63.00 OK
r-oldrel-windows-ix86+x86_64 1.0.5 49.00 82.00 131.00 OK

Check Details

Version: 1.0.5
Check: C++ specification
Result: NOTE
     Specified C++11: please update to current default of C++17
Flavors: r-devel-linux-x86_64-debian-clang, r-devel-windows-x86_64

Version: 1.0.5
Check: C++ specification
Result: NOTE
     Specified C++11: please drop specification unless essential
Flavors: r-devel-linux-x86_64-debian-gcc, r-devel-linux-x86_64-fedora-clang, r-devel-linux-x86_64-fedora-gcc