CRAN Package Check Results for Package vdmR

Last updated on 2019-08-20 05:47:20 CEST.

Flavor Version Tinstall Tcheck Ttotal Status Flags
r-devel-linux-x86_64-debian-clang 0.2.6 3.02 57.64 60.66 OK
r-devel-linux-x86_64-debian-gcc 0.2.6 2.41 45.47 47.88 OK
r-devel-linux-x86_64-fedora-clang 0.2.6 71.01 NOTE
r-devel-linux-x86_64-fedora-gcc 0.2.6 78.39 NOTE
r-devel-windows-ix86+x86_64 0.2.6 9.00 157.00 166.00 OK
r-patched-linux-x86_64 0.2.6 2.48 57.21 59.69 OK
r-patched-solaris-x86 0.2.6 103.40 NOTE
r-release-linux-x86_64 0.2.6 2.51 57.48 59.99 OK
r-release-windows-ix86+x86_64 0.2.6 6.00 72.00 78.00 OK
r-release-osx-x86_64 0.2.6 NOTE
r-oldrel-windows-ix86+x86_64 0.2.6 6.00 104.00 110.00 OK
r-oldrel-osx-x86_64 0.2.6 NOTE

Check Details

Version: 0.2.6
Check: dependencies in R code
Result: NOTE
    Namespaces in Imports field not imported from:
     ‘Rdpack’ ‘maptools’ ‘rgeos’
     All declared Imports should be used.
Flavors: r-devel-linux-x86_64-fedora-clang, r-devel-linux-x86_64-fedora-gcc, r-patched-solaris-x86, r-release-osx-x86_64, r-oldrel-osx-x86_64