CRAN Package Check Results for Package vec2dtransf

Last updated on 2020-10-21 02:48:48 CEST.

Flavor Version Tinstall Tcheck Ttotal Status Flags
r-devel-linux-x86_64-debian-clang 1.1 4.80 31.99 36.79 NOTE
r-devel-linux-x86_64-debian-gcc 1.1 3.17 25.12 28.29 NOTE
r-devel-linux-x86_64-fedora-clang 1.1 53.71 NOTE
r-devel-linux-x86_64-fedora-gcc 1.1 43.79 NOTE
r-devel-windows-ix86+x86_64 1.1 9.00 39.00 48.00 NOTE
r-patched-linux-x86_64 1.1 4.66 30.21 34.87 NOTE
r-patched-solaris-x86 1.1 70.00 NOTE
r-release-linux-x86_64 1.1 4.84 30.17 35.01 NOTE
r-release-macos-x86_64 1.1 NOTE
r-release-windows-ix86+x86_64 1.1 12.00 40.00 52.00 NOTE
r-oldrel-macos-x86_64 1.1 NOTE
r-oldrel-windows-ix86+x86_64 1.1 6.00 37.00 43.00 NOTE

Check Details

Version: 1.1
Check: R code for possible problems
Result: NOTE
    calculateParameters,AffineTransformation: no visible global function
     definition for 'lm'
    calculateParameters,AffineTransformation: no visible global function
     definition for 'coef'
    calculateParameters,SimilarityTransformation: no visible global
     function definition for 'lm'
    calculateParameters,SimilarityTransformation: no visible global
     function definition for 'coef'
    plotGridTransformation,Cartesian2DCoordinateTransformation: no visible
     global function definition for 'points'
    plotGridTransformation,Cartesian2DCoordinateTransformation: no visible
     global function definition for 'legend'
    Undefined global functions or variables:
     coef legend lm points
    Consider adding
     importFrom("graphics", "legend", "points")
     importFrom("stats", "coef", "lm")
    to your NAMESPACE file.
Flavors: r-devel-linux-x86_64-debian-clang, r-devel-linux-x86_64-debian-gcc, r-devel-linux-x86_64-fedora-clang, r-devel-linux-x86_64-fedora-gcc, r-devel-windows-ix86+x86_64, r-patched-linux-x86_64, r-patched-solaris-x86, r-release-linux-x86_64, r-release-macos-x86_64, r-release-windows-ix86+x86_64, r-oldrel-macos-x86_64, r-oldrel-windows-ix86+x86_64