CRAN Package Check Results for Package veccompare

Last updated on 2021-05-17 02:47:10 CEST.

Flavor Version Tinstall Tcheck Ttotal Status Flags
r-devel-linux-x86_64-debian-clang 0.1.0 3.00 33.41 36.41 OK
r-devel-linux-x86_64-debian-gcc 0.1.0 2.32 25.80 28.12 OK
r-devel-linux-x86_64-fedora-clang 0.1.0 53.28 NOTE
r-devel-linux-x86_64-fedora-gcc 0.1.0 44.38 NOTE
r-devel-windows-ix86+x86_64 0.1.0 8.00 53.00 61.00 OK
r-devel-windows-x86_64-gcc10-UCRT 0.1.0 NOTE
r-patched-linux-x86_64 0.1.0 2.71 31.84 34.55 OK
r-patched-solaris-x86 0.1.0 66.60 NOTE
r-release-linux-x86_64 0.1.0 3.05 31.86 34.91 OK
r-release-macos-x86_64 0.1.0 NOTE
r-release-windows-ix86+x86_64 0.1.0 6.00 40.00 46.00 OK
r-oldrel-macos-x86_64 0.1.0 NOTE
r-oldrel-windows-ix86+x86_64 0.1.0 5.00 46.00 51.00 OK

Check Details

Version: 0.1.0
Check: dependencies in R code
Result: NOTE
    Namespace in Imports field not imported from: ‘pander’
     All declared Imports should be used.
Flavors: r-devel-linux-x86_64-fedora-clang, r-devel-linux-x86_64-fedora-gcc, r-devel-windows-x86_64-gcc10-UCRT, r-patched-solaris-x86, r-release-macos-x86_64, r-oldrel-macos-x86_64