CRAN Package Check Results for Package veccompare

Last updated on 2021-10-22 08:51:06 CEST.

Flavor Version Tinstall Tcheck Ttotal Status Flags
r-devel-linux-x86_64-debian-clang 0.1.0 3.11 31.67 34.78 OK
r-devel-linux-x86_64-debian-gcc 0.1.0 2.40 24.78 27.18 OK
r-devel-linux-x86_64-fedora-clang 0.1.0 54.76 NOTE
r-devel-linux-x86_64-fedora-gcc 0.1.0 43.54 NOTE
r-devel-windows-x86_64 0.1.0 6.00 42.00 48.00 OK
r-devel-windows-x86_64-gcc10-UCRT 0.1.0 ERROR
r-patched-linux-x86_64 0.1.0 3.42 31.35 34.77 OK
r-patched-solaris-x86 0.1.0 61.90 NOTE
r-release-linux-x86_64 0.1.0 2.50 30.21 32.71 OK
r-release-macos-arm64 0.1.0 NOTE
r-release-macos-x86_64 0.1.0 NOTE
r-release-windows-ix86+x86_64 0.1.0 10.00 51.00 61.00 OK
r-oldrel-macos-x86_64 0.1.0 NOTE
r-oldrel-windows-ix86+x86_64 0.1.0 7.00 53.00 60.00 OK

Check Details

Version: 0.1.0
Check: dependencies in R code
Result: NOTE
    Namespace in Imports field not imported from: ‘pander’
     All declared Imports should be used.
Flavors: r-devel-linux-x86_64-fedora-clang, r-devel-linux-x86_64-fedora-gcc, r-patched-solaris-x86, r-release-macos-arm64, r-release-macos-x86_64, r-oldrel-macos-x86_64

Version: 0.1.0
Check: package dependencies
Result: ERROR
    Package required but not available: 'qgraph'
    
    See section 'The DESCRIPTION file' in the 'Writing R Extensions'
    manual.
Flavor: r-devel-windows-x86_64-gcc10-UCRT