Last updated on 2023-02-04 03:55:39 CET.
Flavor | Version | Tinstall | Tcheck | Ttotal | Status | Flags |
---|---|---|---|---|---|---|
r-devel-linux-x86_64-debian-clang | 0.6.1 | 4.92 | 59.55 | 64.47 | OK | |
r-devel-linux-x86_64-debian-gcc | 0.6.1 | 5.00 | 45.45 | 50.45 | OK | |
r-devel-linux-x86_64-fedora-clang | 0.6.1 | 83.47 | OK | |||
r-devel-linux-x86_64-fedora-gcc | 0.6.1 | 90.55 | OK | |||
r-devel-windows-x86_64 | 0.6.1 | 74.00 | 113.00 | 187.00 | OK | |
r-patched-linux-x86_64 | 0.6.1 | 8.02 | 54.37 | 62.39 | OK | |
r-release-linux-x86_64 | 0.6.1 | 5.35 | 55.11 | 60.46 | OK | |
r-release-macos-arm64 | 0.6.1 | 30.00 | OK | |||
r-release-macos-x86_64 | 0.6.1 | 42.00 | OK | |||
r-release-windows-x86_64 | 0.6.1 | 67.00 | 107.00 | 174.00 | OK | |
r-oldrel-macos-arm64 | 0.6.1 | 630.00 | OK | |||
r-oldrel-macos-x86_64 | 0.6.1 | 49.00 | OK | |||
r-oldrel-windows-ix86+x86_64 | 0.6.1 | 13.00 | 89.00 | 102.00 | ERROR |
Version: 0.6.1
Check: examples
Result: ERROR
Running examples in 'vegalite-Ex.R' failed
The error most likely occurred in:
> ### Name: from_spec
> ### Title: Take a JSON Vega-Lite Spec and render as an htmlwidget
> ### Aliases: from_spec
>
> ### ** Examples
>
> from_spec("http://rud.is/dl/embedded.json")
Warning in file(con, "r") :
InternetOpenUrl failed: 'Die Serververbindung wurde zurückgesetzt.'
Error in file(con, "r") : cannot open the connection
Calls: from_spec -> readLines -> file
Execution halted
Flavor: r-oldrel-windows-ix86+x86_64