Last updated on 2023-02-04 16:56:05 CET.
Flavor | Version | Tinstall | Tcheck | Ttotal | Status | Flags |
---|---|---|---|---|---|---|
r-devel-linux-x86_64-debian-clang | 2.6-4 | 43.12 | 366.81 | 409.93 | OK | |
r-devel-linux-x86_64-debian-gcc | 2.6-4 | 30.68 | 265.79 | 296.47 | OK | |
r-devel-linux-x86_64-fedora-clang | 2.6-4 | 501.47 | NOTE | |||
r-devel-linux-x86_64-fedora-gcc | 2.6-4 | 495.65 | OK | |||
r-devel-windows-x86_64 | 2.6-4 | 162.00 | 515.00 | 677.00 | OK | |
r-patched-linux-x86_64 | 2.6-4 | 52.02 | 317.00 | 369.02 | OK | |
r-release-linux-x86_64 | 2.6-4 | 48.17 | 316.69 | 364.86 | OK | |
r-release-macos-arm64 | 2.6-4 | 155.00 | OK | |||
r-release-macos-x86_64 | 2.6-4 | 172.00 | OK | |||
r-release-windows-x86_64 | 2.6-4 | 153.00 | 523.00 | 676.00 | OK | |
r-oldrel-macos-arm64 | 2.6-4 | 140.00 | OK | |||
r-oldrel-macos-x86_64 | 2.6-4 | 173.00 | OK | |||
r-oldrel-windows-ix86+x86_64 | 2.6-4 | 82.00 | 554.00 | 636.00 | OK |
Version: 2.6-4
Check: Rd cross-references
Result: NOTE
Undeclared package ‘coda’ in Rd xrefs
Flavor: r-devel-linux-x86_64-fedora-clang