CRAN Package Check Results for Package vegclust

Last updated on 2020-02-18 01:52:13 CET.

Flavor Version Tinstall Tcheck Ttotal Status Flags
r-devel-linux-x86_64-debian-clang 1.7.7 26.60 128.19 154.79 WARN
r-devel-linux-x86_64-debian-gcc 1.7.7 19.88 102.74 122.62 OK
r-devel-linux-x86_64-fedora-clang 1.7.7 207.21 OK
r-devel-linux-x86_64-fedora-gcc 1.7.7 194.21 OK
r-devel-windows-ix86+x86_64 1.7.7 54.00 210.00 264.00 OK
r-devel-windows-ix86+x86_64-gcc8 1.7.7 74.00 191.00 265.00 OK
r-patched-linux-x86_64 1.7.7 22.24 116.38 138.62 OK
r-patched-solaris-x86 1.7.7 235.00 OK
r-release-linux-x86_64 1.7.7 22.32 117.01 139.33 OK
r-release-windows-ix86+x86_64 1.7.7 49.00 180.00 229.00 OK
r-release-osx-x86_64 1.7.7 OK
r-oldrel-windows-ix86+x86_64 1.7.7 40.00 189.00 229.00 OK
r-oldrel-osx-x86_64 1.7.7 OK

Check Details

Version: 1.7.7
Check: package dependencies
Result: NOTE
    Package suggested but not available for checking: 'smacof'
Flavor: r-devel-linux-x86_64-debian-clang

Version: 1.7.7
Check: re-building of vignette outputs
Result: WARN
    Error(s) in re-building vignettes:
     ...
    --- re-building 'VegetationClassification.Rnw' using Sweave
    Loading required package: Rcpp
    Loading required package: permute
    Loading required package: lattice
    This is vegan 2.5-6
    --- finished re-building 'VegetationClassification.Rnw'
    
    --- re-building 'CTA.Rmd' using rmarkdown
    Quitting from lines 23-27 (CTA.Rmd)
    Error: processing vignette 'CTA.Rmd' failed with diagnostics:
    there is no package called 'smacof'
    --- failed re-building 'CTA.Rmd'
    
    --- re-building 'MedRegExample.Rmd' using rmarkdown
    --- finished re-building 'MedRegExample.Rmd'
    
    SUMMARY: processing the following file failed:
     'CTA.Rmd'
    
    Error: Vignette re-building failed.
    Execution halted
Flavor: r-devel-linux-x86_64-debian-clang