CRAN Package Check Results for Package vegclust

Last updated on 2021-02-26 19:51:06 CET.

Flavor Version Tinstall Tcheck Ttotal Status Flags
r-devel-linux-x86_64-debian-clang 1.7.7 28.44 142.08 170.52 OK
r-devel-linux-x86_64-debian-gcc 1.7.7 21.47 106.11 127.58 OK
r-devel-linux-x86_64-fedora-clang 1.7.7 228.53 NOTE
r-devel-linux-x86_64-fedora-gcc 1.7.7 203.64 OK
r-devel-windows-ix86+x86_64 1.7.7 46.00 173.00 219.00 OK
r-patched-linux-x86_64 1.7.7 27.52 131.41 158.93 OK
r-patched-solaris-x86 1.7.7 249.70 OK
r-release-linux-x86_64 1.7.7 23.01 132.17 155.18 OK
r-release-macos-x86_64 1.7.7 OK
r-release-windows-ix86+x86_64 1.7.7 67.00 233.00 300.00 OK
r-oldrel-macos-x86_64 1.7.7 OK
r-oldrel-windows-ix86+x86_64 1.7.7 46.00 206.00 252.00 OK

Check Details

Version: 1.7.7
Check: Rd cross-references
Result: NOTE
    Undeclared packages ‘mclust’, ‘e1071’ in Rd xrefs
Flavor: r-devel-linux-x86_64-fedora-clang