CRAN Package Check Results for Package vegdata

Last updated on 2019-03-20 20:48:55 CET.

Flavor Version Tinstall Tcheck Ttotal Status Flags
r-devel-linux-x86_64-debian-clang 0.9.5 5.18 54.60 59.78 OK
r-devel-linux-x86_64-debian-gcc 0.9.5 4.58 43.11 47.69 OK
r-devel-linux-x86_64-fedora-clang 0.9.5 70.97 OK
r-devel-linux-x86_64-fedora-gcc 0.9.5 70.53 OK
r-devel-windows-ix86+x86_64 0.9.5 14.00 98.00 112.00 OK
r-patched-linux-x86_64 0.9.5 4.07 52.15 56.22 OK
r-patched-solaris-x86 0.9.5 68.90 OK --no-vignettes
r-release-linux-x86_64 0.9.5 3.66 51.31 54.97 OK
r-release-windows-ix86+x86_64 0.9.5 12.00 115.00 127.00 OK
r-release-osx-x86_64 0.9.5 OK
r-oldrel-windows-ix86+x86_64 0.9.5 5.00 94.00 99.00 WARN
r-oldrel-osx-x86_64 0.9.5 OK

Check Details

Version: 0.9.5
Check: re-building of vignette outputs
Result: WARN
    Error in re-building vignettes:
     ...
    trying URL 'https://germansl.infinitenature.org/GermanSL/1.3/GermanSL.zip'
    Content type 'application/zip' length 3042090 bytes (2.9 MB)
    ==================================================
    downloaded 2.9 MB
    
    Warning in isc(elbaue, trait.db = eco, ivname = "OEK_F", method = "mean") :
     Detecting 0 values, please check.
    Warning in isc(elbaue, trait.db = eco, ivname = "OEK_N", method = "mean") :
     Detecting 0 values, please check.
    Warning: running command '"D:\compiler\texmf\miktex\bin\texify.exe" --quiet --pdf "vegdata.tex" --max-iterations=20 -I "D:/RCompile/recent/R-3.4.4/share/texmf/tex/latex" -I "D:/RCompile/recent/R-3.4.4/share/texmf/bibtex/bst"' had status 1
    Error: running 'texi2dvi' on 'vegdata.tex' failed
    
    LaTeX errors:
    a.tex:437: Package inputenc Error: Unicode char Â<c2><81> (U+81)
    (inputenc) not set up for use with LaTeX.
    
    See the inputenc package documentation for explanation.
    Type H <return> for immediate help
    a.tex:437: Package inputenc Error: Unicode char Â<c2><81> (U+81)
    (inputenc) not set up for use with LaTeX.
    
    See the inputenc package documentation for explanation.
    Type H <return> for immediate help
    a.tex:437: Package inputenc Error: Unicode char Â<c2><81> (U+81)
    (inputenc) not set up for use with LaTeX.
    
    See the inputenc package documentation for explanation.
    Type H <return> for immediate help
    Execution halted
Flavor: r-oldrel-windows-ix86+x86_64