CRAN Package Check Results for Package velociraptr

Last updated on 2021-09-25 13:01:21 CEST.

Flavor Version Tinstall Tcheck Ttotal Status Flags
r-devel-linux-x86_64-debian-clang 1.1.0 2.31 24.05 26.36 NOTE
r-devel-linux-x86_64-debian-gcc 1.1.0 1.86 19.08 20.94 NOTE
r-devel-linux-x86_64-fedora-clang 1.1.0 41.33 NOTE
r-devel-linux-x86_64-fedora-gcc 1.1.0 30.34 NOTE
r-devel-windows-x86_64 1.1.0 5.00 30.00 35.00 NOTE
r-devel-windows-x86_64-gcc10-UCRT 1.1.0 NOTE
r-patched-linux-x86_64 1.1.0 2.61 23.56 26.17 NOTE
r-patched-solaris-x86 1.1.0 48.30 NOTE
r-release-linux-x86_64 1.1.0 2.16 23.60 25.76 NOTE
r-release-macos-arm64 1.1.0 NOTE
r-release-macos-x86_64 1.1.0 NOTE
r-release-windows-ix86+x86_64 1.1.0 6.00 30.00 36.00 NOTE
r-oldrel-macos-x86_64 1.1.0 OK
r-oldrel-windows-ix86+x86_64 1.1.0 4.00 29.00 33.00 OK

Check Details

Version: 1.1.0
Check: LazyData
Result: NOTE
     'LazyData' is specified without a 'data' directory
Flavors: r-devel-linux-x86_64-debian-clang, r-devel-linux-x86_64-debian-gcc, r-devel-linux-x86_64-fedora-clang, r-devel-linux-x86_64-fedora-gcc, r-devel-windows-x86_64, r-devel-windows-x86_64-gcc10-UCRT, r-patched-linux-x86_64, r-patched-solaris-x86, r-release-linux-x86_64, r-release-macos-arm64, r-release-macos-x86_64, r-release-windows-ix86+x86_64