Last updated on 2021-04-23 09:50:48 CEST.
Flavor | Version | Tinstall | Tcheck | Ttotal | Status | Flags |
---|---|---|---|---|---|---|
r-devel-linux-x86_64-debian-clang | 0.1.4 | 2.88 | 32.21 | 35.09 | NOTE | |
r-devel-linux-x86_64-debian-gcc | 0.1.4 | 2.04 | 25.57 | 27.61 | NOTE | |
r-devel-linux-x86_64-fedora-clang | 0.1.4 | 51.82 | NOTE | |||
r-devel-linux-x86_64-fedora-gcc | 0.1.4 | 43.60 | NOTE | |||
r-devel-windows-ix86+x86_64 | 0.1.4 | 7.00 | 51.00 | 58.00 | NOTE | |
r-devel-windows-x86_64-gcc10-UCRT | 0.1.4 | NOTE | ||||
r-patched-linux-x86_64 | 0.1.4 | 2.58 | 31.85 | 34.43 | NOTE | |
r-patched-solaris-x86 | 0.1.4 | 65.40 | NOTE | |||
r-release-linux-x86_64 | 0.1.4 | 2.63 | 31.12 | 33.75 | OK | |
r-release-macos-x86_64 | 0.1.4 | NOTE | ||||
r-release-windows-ix86+x86_64 | 0.1.4 | 6.00 | 52.00 | 58.00 | OK | |
r-oldrel-macos-x86_64 | 0.1.4 | NOTE | ||||
r-oldrel-windows-ix86+x86_64 | 0.1.4 | 13.00 | 51.00 | 64.00 | OK |
Version: 0.1.4
Check: LazyData
Result: NOTE
'LazyData' is specified without a 'data' directory
Flavors: r-devel-linux-x86_64-debian-clang, r-devel-linux-x86_64-debian-gcc, r-devel-linux-x86_64-fedora-clang, r-devel-linux-x86_64-fedora-gcc, r-devel-windows-ix86+x86_64, r-devel-windows-x86_64-gcc10-UCRT, r-patched-linux-x86_64
Version: 0.1.4
Check: dependencies in R code
Result: NOTE
Namespace in Imports field not imported from: ‘rlang’
All declared Imports should be used.
Flavors: r-devel-linux-x86_64-fedora-clang, r-devel-linux-x86_64-fedora-gcc, r-devel-windows-x86_64-gcc10-UCRT, r-patched-solaris-x86, r-release-macos-x86_64, r-oldrel-macos-x86_64