CRAN Package Check Results for Package versions

Last updated on 2022-08-15 02:53:57 CEST.

Flavor Version Tinstall Tcheck Ttotal Status Flags
r-devel-linux-x86_64-debian-clang 0.3 1.52 21.48 23.00 NOTE
r-devel-linux-x86_64-debian-gcc 0.3 1.73 16.55 18.28 NOTE
r-devel-linux-x86_64-fedora-clang 0.3 38.47 NOTE
r-devel-linux-x86_64-fedora-gcc 0.3 38.19 NOTE
r-devel-windows-x86_64 0.3 8.00 43.00 51.00 NOTE
r-patched-linux-x86_64 0.3 1.95 20.75 22.70 NOTE
r-release-linux-x86_64 0.3 1.94 20.66 22.60 NOTE
r-release-macos-arm64 0.3 13.00 NOTE
r-release-macos-x86_64 0.3 20.00 NOTE
r-release-windows-x86_64 0.3 5.00 48.00 53.00 NOTE
r-oldrel-macos-arm64 0.3 18.00 NOTE
r-oldrel-macos-x86_64 0.3 23.00 NOTE
r-oldrel-windows-ix86+x86_64 0.3 5.00 26.00 31.00 NOTE

Check Details

Version: 0.3
Check: LazyData
Result: NOTE
     'LazyData' is specified without a 'data' directory
Flavors: r-devel-linux-x86_64-debian-clang, r-devel-linux-x86_64-debian-gcc, r-devel-linux-x86_64-fedora-clang, r-devel-linux-x86_64-fedora-gcc, r-devel-windows-x86_64, r-patched-linux-x86_64, r-release-linux-x86_64, r-release-macos-arm64, r-release-macos-x86_64, r-release-windows-x86_64, r-oldrel-macos-arm64, r-oldrel-macos-x86_64, r-oldrel-windows-ix86+x86_64