CRAN Package Check Results for Package vesselr

Last updated on 2022-10-07 12:55:19 CEST.

Flavor Version Tinstall Tcheck Ttotal Status Flags
r-devel-linux-x86_64-debian-clang 0.2.1 5.10 49.97 55.07 NOTE
r-devel-linux-x86_64-debian-gcc 0.2.1 4.43 37.61 42.04 NOTE
r-devel-linux-x86_64-fedora-clang 0.2.1 78.18 NOTE
r-devel-linux-x86_64-fedora-gcc 0.2.1 78.18 NOTE
r-devel-windows-x86_64 0.2.1 11.00 72.00 83.00 NOTE
r-patched-linux-x86_64 0.2.1 6.08 48.18 54.26 NOTE
r-release-linux-x86_64 0.2.1 5.33 47.96 53.29 NOTE
r-release-macos-arm64 0.2.1 22.00 NOTE
r-release-macos-x86_64 0.2.1 30.00 NOTE
r-release-windows-x86_64 0.2.1 8.00 79.00 87.00 NOTE
r-oldrel-macos-arm64 0.2.1 25.00 NOTE
r-oldrel-macos-x86_64 0.2.1 42.00 NOTE
r-oldrel-windows-ix86+x86_64 0.2.1 12.00 69.00 81.00 NOTE

Check Details

Version: 0.2.1
Check: LazyData
Result: NOTE
     'LazyData' is specified without a 'data' directory
Flavors: r-devel-linux-x86_64-debian-clang, r-devel-linux-x86_64-debian-gcc, r-devel-linux-x86_64-fedora-clang, r-devel-linux-x86_64-fedora-gcc, r-devel-windows-x86_64, r-patched-linux-x86_64, r-release-linux-x86_64, r-release-macos-arm64, r-release-macos-x86_64, r-release-windows-x86_64, r-oldrel-macos-arm64, r-oldrel-macos-x86_64, r-oldrel-windows-ix86+x86_64