CRAN Package Check Results for Package vfinputs

Last updated on 2021-05-09 09:47:21 CEST.

Flavor Version Tinstall Tcheck Ttotal Status Flags
r-devel-linux-x86_64-debian-clang 0.1.0 3.74 36.62 40.36 NOTE
r-devel-linux-x86_64-debian-gcc 0.1.0 2.98 28.36 31.34 NOTE
r-devel-linux-x86_64-fedora-clang 0.1.0 60.50 NOTE
r-devel-linux-x86_64-fedora-gcc 0.1.0 47.56 NOTE
r-devel-windows-ix86+x86_64 0.1.0 8.00 58.00 66.00 NOTE
r-devel-windows-x86_64-gcc10-UCRT 0.1.0 NOTE
r-patched-linux-x86_64 0.1.0 4.08 35.83 39.91 NOTE
r-patched-solaris-x86 0.1.0 78.30 OK
r-release-linux-x86_64 0.1.0 3.96 35.17 39.13 OK
r-release-macos-x86_64 0.1.0 OK
r-release-windows-ix86+x86_64 0.1.0 6.00 44.00 50.00 OK
r-oldrel-macos-x86_64 0.1.0 OK
r-oldrel-windows-ix86+x86_64 0.1.0 8.00 55.00 63.00 OK

Check Details

Version: 0.1.0
Check: LazyData
Result: NOTE
     'LazyData' is specified without a 'data' directory
Flavors: r-devel-linux-x86_64-debian-clang, r-devel-linux-x86_64-debian-gcc, r-devel-linux-x86_64-fedora-clang, r-devel-linux-x86_64-fedora-gcc, r-devel-windows-ix86+x86_64, r-devel-windows-x86_64-gcc10-UCRT, r-patched-linux-x86_64