Last updated on 2023-03-28 17:53:22 CEST.
Flavor | Version | Tinstall | Tcheck | Ttotal | Status | Flags |
---|---|---|---|---|---|---|
r-devel-linux-x86_64-debian-clang | 1.0.3 | 97.22 | 189.57 | 286.79 | OK | |
r-devel-linux-x86_64-debian-gcc | 1.0.3 | 74.12 | 140.50 | 214.62 | OK | |
r-devel-linux-x86_64-fedora-clang | 1.0.3 | 308.79 | OK | |||
r-devel-linux-x86_64-fedora-gcc | 1.0.3 | 285.50 | OK | |||
r-patched-linux-x86_64 | 1.0.3 | 87.60 | 179.64 | 267.24 | OK | |
r-release-linux-x86_64 | 1.0.3 | 64.50 | 182.08 | 246.58 | OK | |
r-release-macos-arm64 | 1.0.3 | 75.00 | NOTE | |||
r-release-macos-x86_64 | 1.0.3 | 120.00 | NOTE | |||
r-release-windows-x86_64 | 1.0.3 | 92.00 | 218.00 | 310.00 | OK | |
r-oldrel-macos-arm64 | 1.0.3 | 75.00 | NOTE | |||
r-oldrel-macos-x86_64 | 1.0.3 | 116.00 | NOTE | |||
r-oldrel-windows-ix86+x86_64 | 1.0.3 | 206.00 | 311.00 | 517.00 | OK |
Version: 1.0.3
Check: installed package size
Result: NOTE
installed size is 7.9Mb
sub-directories of 1Mb or more:
libs 7.5Mb
Flavors: r-release-macos-arm64, r-release-macos-x86_64, r-oldrel-macos-arm64, r-oldrel-macos-x86_64