CRAN Package Check Results for Package vhcub

Last updated on 2020-11-30 12:49:28 CET.

Flavor Version Tinstall Tcheck Ttotal Status Flags
r-devel-linux-x86_64-debian-clang 1.0.0 22.39 168.53 190.92 OK
r-devel-linux-x86_64-debian-gcc 1.0.0 15.32 129.22 144.54 OK
r-devel-linux-x86_64-fedora-clang 1.0.0 223.53 OK
r-devel-linux-x86_64-fedora-gcc 1.0.0 216.86 OK
r-devel-windows-ix86+x86_64 1.0.0 38.00 194.00 232.00 WARN
r-patched-linux-x86_64 1.0.0 16.44 162.17 178.61 OK
r-patched-solaris-x86 1.0.0 312.10 OK
r-release-linux-x86_64 1.0.0 16.68 163.69 180.37 OK
r-release-macos-x86_64 1.0.0 ERROR
r-release-windows-ix86+x86_64 1.0.0 27.00 148.00 175.00 WARN
r-oldrel-macos-x86_64 1.0.0 ERROR
r-oldrel-windows-ix86+x86_64 1.0.0 27.00 156.00 183.00 WARN

Check Details

Version: 1.0.0
Check: whether package can be installed
Result: WARN
    Found the following significant warnings:
     Warning: namespace 'Rcpp' is not available and has been replaced
Flavors: r-devel-windows-ix86+x86_64, r-release-windows-ix86+x86_64, r-oldrel-windows-ix86+x86_64

Version: 1.0.0
Check: package dependencies
Result: ERROR
    Package required but not available: ‘coRdon’
    
    See section ‘The DESCRIPTION file’ in the ‘Writing R Extensions’
    manual.
Flavors: r-release-macos-x86_64, r-oldrel-macos-x86_64