CRAN Package Check Results for Package vhcub

Last updated on 2020-08-12 23:49:53 CEST.

Flavor Version Tinstall Tcheck Ttotal Status Flags
r-devel-linux-x86_64-debian-clang 1.0.0 15.11 161.12 176.23 OK
r-devel-linux-x86_64-debian-gcc 1.0.0 15.52 124.90 140.42 OK
r-devel-linux-x86_64-fedora-clang 1.0.0 221.98 OK
r-devel-linux-x86_64-fedora-gcc 1.0.0 208.98 OK
r-devel-windows-ix86+x86_64 1.0.0 47.00 210.00 257.00 WARN
r-patched-linux-x86_64 1.0.0 16.38 157.44 173.82 OK
r-patched-solaris-x86 1.0.0 306.90 OK
r-release-linux-x86_64 1.0.0 18.06 158.67 176.73 OK
r-release-macos-x86_64 1.0.0 ERROR
r-release-windows-ix86+x86_64 1.0.0 46.00 150.00 196.00 WARN
r-oldrel-macos-x86_64 1.0.0 ERROR
r-oldrel-windows-ix86+x86_64 1.0.0 29.00 158.00 187.00 WARN

Check Details

Version: 1.0.0
Check: whether package can be installed
Result: WARN
    Found the following significant warnings:
     Warning: namespace 'Rcpp' is not available and has been replaced
Flavors: r-devel-windows-ix86+x86_64, r-release-windows-ix86+x86_64, r-oldrel-windows-ix86+x86_64

Version: 1.0.0
Check: package dependencies
Result: ERROR
    Package required but not available: ‘coRdon’
    
    See section ‘The DESCRIPTION file’ in the ‘Writing R Extensions’
    manual.
Flavors: r-release-macos-x86_64, r-oldrel-macos-x86_64