CRAN Package Check Results for Package vietnamcode

Last updated on 2022-08-16 00:54:34 CEST.

Flavor Version Tinstall Tcheck Ttotal Status Flags
r-devel-linux-x86_64-debian-clang 0.1.1 1.27 22.60 23.87 OK
r-devel-linux-x86_64-debian-gcc 0.1.1 1.53 17.92 19.45 OK
r-devel-linux-x86_64-fedora-clang 0.1.1 40.42 NOTE
r-devel-linux-x86_64-fedora-gcc 0.1.1 39.63 NOTE
r-devel-windows-x86_64 0.1.1 10.00 48.00 58.00 OK
r-patched-linux-x86_64 0.1.1 2.08 22.28 24.36 OK
r-release-linux-x86_64 0.1.1 1.95 22.45 24.40 OK
r-release-macos-arm64 0.1.1 14.00 NOTE
r-release-macos-x86_64 0.1.1 22.00 NOTE
r-release-windows-x86_64 0.1.1 14.00 48.00 62.00 OK
r-oldrel-macos-arm64 0.1.1 20.00 NOTE
r-oldrel-macos-x86_64 0.1.1 26.00 NOTE
r-oldrel-windows-ix86+x86_64 0.1.1 5.00 45.00 50.00 OK

Check Details

Version: 0.1.1
Check: data for non-ASCII characters
Result: NOTE
     Note: found 60 marked UTF-8 strings
Flavors: r-devel-linux-x86_64-fedora-clang, r-devel-linux-x86_64-fedora-gcc, r-release-macos-arm64, r-release-macos-x86_64, r-oldrel-macos-arm64, r-oldrel-macos-x86_64