CRAN Package Check Results for Package vietnamcode

Last updated on 2020-07-12 02:47:02 CEST.

Flavor Version Tinstall Tcheck Ttotal Status Flags
r-devel-linux-x86_64-debian-clang 0.1.1 1.85 20.72 22.57 OK
r-devel-linux-x86_64-debian-gcc 0.1.1 1.44 16.42 17.86 OK
r-devel-linux-x86_64-fedora-clang 0.1.1 36.19 NOTE
r-devel-linux-x86_64-fedora-gcc 0.1.1 27.52 NOTE
r-devel-windows-ix86+x86_64 0.1.1 8.00 44.00 52.00 OK
r-patched-linux-x86_64 0.1.1 1.68 20.29 21.97 OK
r-patched-solaris-x86 0.1.1 43.00 NOTE
r-release-linux-x86_64 0.1.1 1.68 20.55 22.23 OK
r-release-macos-x86_64 0.1.1 NOTE
r-release-windows-ix86+x86_64 0.1.1 10.00 34.00 44.00 OK
r-oldrel-macos-x86_64 0.1.1 NOTE
r-oldrel-windows-ix86+x86_64 0.1.1 6.00 44.00 50.00 OK

Check Details

Version: 0.1.1
Check: data for non-ASCII characters
Result: NOTE
     Note: found 60 marked UTF-8 strings
Flavors: r-devel-linux-x86_64-fedora-clang, r-devel-linux-x86_64-fedora-gcc, r-patched-solaris-x86, r-release-macos-x86_64, r-oldrel-macos-x86_64