CRAN Package Check Results for Package viewshed3d

Last updated on 2020-11-28 08:47:57 CET.

Flavor Version Tinstall Tcheck Ttotal Status Flags
r-devel-linux-x86_64-debian-clang 3.2.0 4.76 43.20 47.96 OK
r-devel-linux-x86_64-debian-gcc 3.2.0 3.91 35.56 39.47 OK
r-devel-linux-x86_64-fedora-clang 3.2.0 58.89 NOTE
r-devel-linux-x86_64-fedora-gcc 3.2.0 58.12 NOTE
r-devel-windows-ix86+x86_64 3.2.0 11.00 54.00 65.00 OK
r-patched-linux-x86_64 3.2.0 5.23 42.61 47.84 OK
r-patched-solaris-x86 3.2.0 75.40 NOTE
r-release-linux-x86_64 3.2.0 4.88 41.52 46.40 OK
r-release-macos-x86_64 3.2.0 NOTE
r-release-windows-ix86+x86_64 3.2.0 8.00 44.00 52.00 OK
r-oldrel-macos-x86_64 3.2.0 NOTE
r-oldrel-windows-ix86+x86_64 3.2.0 5.00 47.00 52.00 OK

Check Details

Version: 3.2.0
Check: dependencies in R code
Result: NOTE
    Namespaces in Imports field not imported from:
     ‘sp’ ‘viridis’
     All declared Imports should be used.
Flavors: r-devel-linux-x86_64-fedora-clang, r-devel-linux-x86_64-fedora-gcc, r-patched-solaris-x86, r-release-macos-x86_64

Version: 3.2.0
Check: Rd cross-references
Result: NOTE
    Undeclared package ‘TreeLS’ in Rd xrefs
Flavor: r-devel-linux-x86_64-fedora-clang

Version: 3.2.0
Check: dependencies in R code
Result: NOTE
    No protocol specified
    No protocol specified
    Namespaces in Imports field not imported from:
     ‘sp’ ‘viridis’
     All declared Imports should be used.
Flavor: r-oldrel-macos-x86_64