CRAN Package Check Results for Package villager

Last updated on 2022-06-25 12:54:38 CEST.

Flavor Version Tinstall Tcheck Ttotal Status Flags
r-devel-linux-x86_64-debian-clang 1.1.1 8.74 138.40 147.14 OK
r-devel-linux-x86_64-debian-gcc 1.1.1 6.44 104.29 110.73 OK
r-devel-linux-x86_64-fedora-clang 1.1.1 177.56 NOTE
r-devel-linux-x86_64-fedora-gcc 1.1.1 170.29 NOTE
r-devel-windows-x86_64 1.1.1 25.00 359.00 384.00 OK
r-patched-linux-x86_64 1.1.1 11.01 131.33 142.34 OK
r-release-linux-x86_64 1.1.1 6.09 132.55 138.64 OK
r-release-macos-arm64 1.1.1 66.00 NOTE
r-release-macos-x86_64 1.1.1 80.00 NOTE
r-release-windows-x86_64 1.1.1 34.00 256.00 290.00 OK
r-oldrel-macos-arm64 1.1.1 46.00 NOTE
r-oldrel-macos-x86_64 1.1.1 69.00 NOTE
r-oldrel-windows-ix86+x86_64 1.1.1 16.00 232.00 248.00 OK

Check Details

Version: 1.1.1
Check: dependencies in R code
Result: NOTE
    Namespaces in Imports field not imported from:
     ‘R6’ ‘readr’ ‘uuid’
     All declared Imports should be used.
Flavors: r-devel-linux-x86_64-fedora-clang, r-devel-linux-x86_64-fedora-gcc, r-release-macos-arm64, r-release-macos-x86_64, r-oldrel-macos-arm64, r-oldrel-macos-x86_64