CRAN Package Check Results for Package vimpclust

Last updated on 2021-03-05 02:49:25 CET.

Flavor Version Tinstall Tcheck Ttotal Status Flags
r-devel-linux-x86_64-debian-clang 0.1.0 5.60 275.96 281.56 OK
r-devel-linux-x86_64-debian-gcc 0.1.0 3.90 188.88 192.78 OK
r-devel-linux-x86_64-fedora-clang 0.1.0 324.20 NOTE
r-devel-linux-x86_64-fedora-gcc 0.1.0 316.08 NOTE
r-devel-windows-ix86+x86_64 0.1.0 14.00 320.00 334.00 OK
r-patched-linux-x86_64 0.1.0 OK
r-patched-solaris-x86 0.1.0 386.60 NOTE
r-release-linux-x86_64 0.1.0 5.01 255.95 260.96 OK
r-release-macos-x86_64 0.1.0 NOTE
r-release-windows-ix86+x86_64 0.1.0 11.00 239.00 250.00 OK
r-oldrel-macos-x86_64 0.1.0 NOTE
r-oldrel-windows-ix86+x86_64 0.1.0 12.00 307.00 319.00 OK

Check Details

Version: 0.1.0
Check: dependencies in R code
Result: NOTE
    Namespaces in Imports field not imported from:
     ‘mclust’ ‘rlang’
     All declared Imports should be used.
Flavors: r-devel-linux-x86_64-fedora-clang, r-devel-linux-x86_64-fedora-gcc, r-patched-solaris-x86, r-release-macos-x86_64, r-oldrel-macos-x86_64