CRAN Package Check Results for Package vindecodr

Last updated on 2024-05-23 09:50:35 CEST.

Flavor Version Tinstall Tcheck Ttotal Status Flags
r-devel-linux-x86_64-debian-clang 0.1.1 2.00 21.86 23.86 NOTE
r-devel-linux-x86_64-debian-gcc 0.1.1 1.56 17.43 18.99 NOTE
r-devel-linux-x86_64-fedora-clang 0.1.1 31.25 NOTE
r-devel-linux-x86_64-fedora-gcc 0.1.1 29.46 NOTE
r-devel-windows-x86_64 0.1.1 3.00 40.00 43.00 NOTE
r-patched-linux-x86_64 0.1.1 1.80 21.68 23.48 NOTE
r-release-linux-x86_64 0.1.1 2.19 21.72 23.91 NOTE
r-release-macos-arm64 0.1.1 14.00 NOTE
r-release-windows-x86_64 0.1.1 4.00 40.00 44.00 NOTE
r-oldrel-macos-arm64 0.1.1 15.00 NOTE
r-oldrel-macos-x86_64 0.1.1 19.00 NOTE
r-oldrel-windows-x86_64 0.1.1 4.00 41.00 45.00 NOTE

Check Details

Version: 0.1.1
Check: LazyData
Result: NOTE 'LazyData' is specified without a 'data' directory Flavors: r-devel-linux-x86_64-debian-clang, r-devel-linux-x86_64-debian-gcc, r-devel-linux-x86_64-fedora-clang, r-devel-linux-x86_64-fedora-gcc, r-devel-windows-x86_64, r-patched-linux-x86_64, r-release-linux-x86_64, r-release-macos-arm64, r-release-windows-x86_64, r-oldrel-macos-arm64, r-oldrel-macos-x86_64, r-oldrel-windows-x86_64