CRAN Package Check Results for Package vinereg

Last updated on 2020-12-03 15:50:04 CET.

Flavor Version Tinstall Tcheck Ttotal Status Flags
r-devel-linux-x86_64-debian-clang 0.7.2 138.98 212.51 351.49 OK
r-devel-linux-x86_64-debian-gcc 0.7.2 115.53 147.08 262.61 OK
r-devel-linux-x86_64-fedora-clang 0.7.2 475.01 NOTE
r-devel-linux-x86_64-fedora-gcc 0.7.2 459.90 OK
r-devel-windows-ix86+x86_64 0.7.2 298.00 366.00 664.00 NOTE
r-patched-linux-x86_64 0.7.2 128.65 210.62 339.27 OK
r-patched-solaris-x86 0.7.2 608.00 OK
r-release-linux-x86_64 0.7.2 130.37 206.75 337.12 OK
r-release-macos-x86_64 0.7.2 NOTE
r-release-windows-ix86+x86_64 0.7.2 218.00 409.00 627.00 NOTE
r-oldrel-macos-x86_64 0.7.2 NOTE
r-oldrel-windows-ix86+x86_64 0.7.2 241.00 428.00 669.00 NOTE

Check Details

Version: 0.7.2
Check: installed package size
Result: NOTE
     installed size is 50.5Mb
     sub-directories of 1Mb or more:
     doc 1.4Mb
     libs 48.9Mb
Flavors: r-devel-linux-x86_64-fedora-clang, r-devel-windows-ix86+x86_64, r-release-macos-x86_64, r-release-windows-ix86+x86_64, r-oldrel-macos-x86_64, r-oldrel-windows-ix86+x86_64