CRAN Package Check Results for Package viromeBrowser

Last updated on 2019-11-13 04:46:42 CET.

Flavor Version Tinstall Tcheck Ttotal Status Flags
r-devel-linux-x86_64-debian-clang 1.0.0 17.97 149.12 167.09 OK
r-devel-linux-x86_64-debian-gcc 1.0.0 16.01 115.38 131.39 OK
r-devel-linux-x86_64-fedora-clang 1.0.0 203.30 NOTE
r-devel-linux-x86_64-fedora-gcc 1.0.0 169.57 NOTE
r-devel-windows-ix86+x86_64 1.0.0 58.00 142.00 200.00 OK
r-patched-linux-x86_64 1.0.0 16.43 137.20 153.63 OK
r-patched-solaris-x86 1.0.0 287.40 NOTE
r-release-linux-x86_64 1.0.0 15.44 137.40 152.84 OK
r-release-windows-ix86+x86_64 1.0.0 56.00 155.00 211.00 OK
r-release-osx-x86_64 1.0.0 ERROR
r-oldrel-windows-ix86+x86_64 1.0.0 24.00 207.00 231.00 OK
r-oldrel-osx-x86_64 1.0.0 ERROR

Check Details

Version: 1.0.0
Check: dependencies in R code
Result: NOTE
    Namespaces in Imports field not imported from:
     ‘DT’ ‘plyr’ ‘reshape’
     All declared Imports should be used.
Flavors: r-devel-linux-x86_64-fedora-clang, r-devel-linux-x86_64-fedora-gcc, r-patched-solaris-x86

Version: 1.0.0
Check: whether package can be installed
Result: ERROR
    Installation failed.
Flavor: r-release-osx-x86_64

Version: 1.0.0
Check: package dependencies
Result: ERROR
    Package required but not available: ‘Rsamtools’
    
    See section ‘The DESCRIPTION file’ in the ‘Writing R Extensions’
    manual.
Flavor: r-oldrel-osx-x86_64