CRAN Package Check Results for Package viromeBrowser

Last updated on 2020-05-28 17:50:21 CEST.

Flavor Version Tinstall Tcheck Ttotal Status Flags
r-devel-linux-x86_64-debian-clang 1.0.0 21.01 168.72 189.73 OK
r-devel-linux-x86_64-debian-gcc 1.0.0 17.06 128.93 145.99 OK
r-devel-linux-x86_64-fedora-clang 1.0.0 245.31 NOTE
r-devel-linux-x86_64-fedora-gcc 1.0.0 174.96 NOTE
r-devel-windows-ix86+x86_64 1.0.0 55.00 222.00 277.00 OK
r-patched-linux-x86_64 1.0.0 19.02 164.10 183.12 OK
r-patched-solaris-x86 1.0.0 321.80 NOTE
r-release-linux-x86_64 1.0.0 19.25 163.04 182.29 OK
r-release-osx-x86_64 1.0.0 NOTE
r-release-windows-ix86+x86_64 1.0.0 45.00 236.00 281.00 OK
r-oldrel-osx-x86_64 1.0.0 ERROR
r-oldrel-windows-ix86+x86_64 1.0.0 38.00 164.00 202.00 OK

Check Details

Version: 1.0.0
Check: dependencies in R code
Result: NOTE
    Namespaces in Imports field not imported from:
     ‘DT’ ‘plyr’ ‘reshape’
     All declared Imports should be used.
Flavors: r-devel-linux-x86_64-fedora-clang, r-devel-linux-x86_64-fedora-gcc, r-patched-solaris-x86, r-release-osx-x86_64

Version: 1.0.0
Check: whether package can be installed
Result: ERROR
    Installation failed.
Flavor: r-oldrel-osx-x86_64