CRAN Package Check Results for Package virtualNicheR

Last updated on 2020-09-19 16:48:03 CEST.

Flavor Version Tinstall Tcheck Ttotal Status Flags
r-devel-linux-x86_64-debian-clang 1.0 2.23 22.93 25.16 OK
r-devel-linux-x86_64-debian-gcc 1.0 1.88 18.08 19.96 OK
r-devel-linux-x86_64-fedora-clang 1.0 42.52 NOTE
r-devel-linux-x86_64-fedora-gcc 1.0 30.93 NOTE
r-devel-windows-ix86+x86_64 1.0 7.00 34.00 41.00 OK
r-patched-linux-x86_64 1.0 2.26 22.74 25.00 OK
r-patched-solaris-x86 1.0 48.90 NOTE
r-release-linux-x86_64 1.0 2.30 22.83 25.13 OK
r-release-macos-x86_64 1.0 NOTE
r-release-windows-ix86+x86_64 1.0 6.00 43.00 49.00 OK
r-oldrel-macos-x86_64 1.0 NOTE
r-oldrel-windows-ix86+x86_64 1.0 3.00 44.00 47.00 OK

Check Details

Version: 1.0
Check: dependencies in R code
Result: NOTE
    Namespaces in Imports field not imported from:
     ‘devtools’ ‘diptest’
     All declared Imports should be used.
Flavors: r-devel-linux-x86_64-fedora-clang, r-devel-linux-x86_64-fedora-gcc, r-patched-solaris-x86, r-release-macos-x86_64, r-oldrel-macos-x86_64