CRAN Package Check Results for Package visNetwork

Last updated on 2019-06-25 17:50:12 CEST.

Flavor Version Tinstall Tcheck Ttotal Status Flags
r-devel-linux-x86_64-debian-clang 2.0.7 8.34 60.79 69.13 OK
r-devel-linux-x86_64-debian-gcc 2.0.7 7.48 48.71 56.19 OK
r-devel-linux-x86_64-fedora-clang 2.0.7 83.63 NOTE
r-devel-linux-x86_64-fedora-gcc 2.0.7 83.17 OK
r-devel-windows-ix86+x86_64 2.0.7 27.00 91.00 118.00 NOTE
r-patched-linux-x86_64 2.0.7 8.25 61.59 69.84 OK
r-patched-solaris-x86 2.0.7 109.10 WARN
r-release-linux-x86_64 2.0.7 8.22 62.11 70.33 OK
r-release-windows-ix86+x86_64 2.0.7 19.00 123.00 142.00 NOTE
r-release-osx-x86_64 2.0.7 WARN
r-oldrel-windows-ix86+x86_64 2.0.7 16.00 81.00 97.00 NOTE
r-oldrel-osx-x86_64 2.0.7 WARN

Check Details

Version: 2.0.7
Check: installed package size
Result: NOTE
     installed size is 11.2Mb
     sub-directories of 1Mb or more:
     doc 4.2Mb
     docjs 1.4Mb
     htmlwidgets 4.0Mb
Flavors: r-devel-linux-x86_64-fedora-clang, r-devel-windows-ix86+x86_64, r-patched-solaris-x86, r-release-windows-ix86+x86_64, r-release-osx-x86_64, r-oldrel-windows-ix86+x86_64, r-oldrel-osx-x86_64

Version: 2.0.7
Check: re-building of vignette outputs
Result: WARN
    Error(s) in re-building vignettes:
     ...
    --- re-building ‘Introduction-to-visNetwork.Rmd’ using rmarkdown
    Warning in engine$weave(file, quiet = quiet, encoding = enc) :
     Pandoc (>= 1.12.3) and/or pandoc-citeproc not available. Falling back to R Markdown v1.
    Quitting from lines 22-27 (Introduction-to-visNetwork.Rmd)
    Error: processing vignette 'Introduction-to-visNetwork.Rmd' failed with diagnostics:
    cannot open the connection
    --- failed re-building ‘Introduction-to-visNetwork.Rmd’
    
    SUMMARY: processing the following file failed:
     ‘Introduction-to-visNetwork.Rmd’
    
    Error: Vignette re-building failed.
    Execution halted
Flavors: r-patched-solaris-x86, r-release-osx-x86_64

Version: 2.0.7
Check: re-building of vignette outputs
Result: WARN
    Error in re-building vignettes:
     ...
    Warning in engine$weave(file, quiet = quiet, encoding = enc) :
     Pandoc (>= 1.12.3) and/or pandoc-citeproc not available. Falling back to R Markdown v1.
    Quitting from lines 22-27 (Introduction-to-visNetwork.Rmd)
    Error: processing vignette 'Introduction-to-visNetwork.Rmd' failed with diagnostics:
    cannot open the connection
    Execution halted
Flavor: r-oldrel-osx-x86_64