Last updated on 2022-05-18 13:53:44 CEST.
Flavor | Version | Tinstall | Tcheck | Ttotal | Status | Flags |
---|---|---|---|---|---|---|
r-devel-linux-x86_64-debian-clang | 2.1.0 | 10.29 | 85.65 | 95.94 | OK | |
r-devel-linux-x86_64-debian-gcc | 2.1.0 | 9.71 | 63.85 | 73.56 | OK | |
r-devel-linux-x86_64-fedora-clang | 2.1.0 | 113.39 | NOTE | |||
r-devel-linux-x86_64-fedora-gcc | 2.1.0 | 109.25 | OK | |||
r-devel-windows-x86_64 | 2.1.0 | 190.00 | 151.00 | 341.00 | NOTE | |
r-patched-linux-x86_64 | 2.1.0 | 12.11 | 80.08 | 92.19 | OK | |
r-release-linux-x86_64 | 2.1.0 | 10.29 | 80.44 | 90.73 | OK | |
r-release-macos-arm64 | 2.1.0 | 34.00 | NOTE | |||
r-release-macos-x86_64 | 2.1.0 | 47.00 | NOTE | |||
r-release-windows-x86_64 | 2.1.0 | 218.00 | 178.00 | 396.00 | NOTE | |
r-oldrel-macos-arm64 | 2.1.0 | 37.00 | NOTE | |||
r-oldrel-macos-x86_64 | 2.1.0 | 85.00 | NOTE | |||
r-oldrel-windows-ix86+x86_64 | 2.1.0 | 20.00 | 110.00 | 130.00 | NOTE |
Version: 2.1.0
Check: installed package size
Result: NOTE
installed size is 11.4Mb
sub-directories of 1Mb or more:
doc 2.5Mb
htmlwidgets 6.9Mb
Flavors: r-devel-linux-x86_64-fedora-clang, r-devel-windows-x86_64, r-release-macos-arm64, r-release-macos-x86_64, r-release-windows-x86_64, r-oldrel-macos-arm64, r-oldrel-macos-x86_64, r-oldrel-windows-ix86+x86_64