CRAN Package Check Results for Package visStatistics

Last updated on 2024-06-22 23:24:50 CEST.

Flavor Version Tinstall Tcheck Ttotal Status Flags
r-devel-linux-x86_64-debian-clang 0.1.1 4.85 39.37 44.22 NOTE
r-devel-linux-x86_64-debian-gcc 0.1.1 3.54 29.99 33.53 NOTE
r-devel-linux-x86_64-fedora-clang 0.1.1 56.09 NOTE
r-devel-linux-x86_64-fedora-gcc 0.1.1 52.22 NOTE
r-devel-windows-x86_64 0.1.1 5.00 50.00 55.00 NOTE
r-patched-linux-x86_64 0.1.1 4.09 37.35 41.44 NOTE
r-release-linux-x86_64 0.1.1 4.75 37.32 42.07 NOTE
r-release-macos-arm64 0.1.1 21.00 NOTE
r-release-macos-x86_64 0.1.1 29.00 NOTE
r-release-windows-x86_64 0.1.1 6.00 50.00 56.00 NOTE
r-oldrel-macos-arm64 0.1.1 20.00 NOTE
r-oldrel-macos-x86_64 0.1.1 31.00 NOTE
r-oldrel-windows-x86_64 0.1.1 6.00 55.00 61.00 NOTE

Check Details

Version: 0.1.1
Check: LazyData
Result: NOTE 'LazyData' is specified without a 'data' directory Flavors: r-devel-linux-x86_64-debian-clang, r-devel-linux-x86_64-debian-gcc, r-devel-linux-x86_64-fedora-clang, r-devel-linux-x86_64-fedora-gcc, r-devel-windows-x86_64, r-patched-linux-x86_64, r-release-linux-x86_64, r-release-macos-arm64, r-release-macos-x86_64, r-release-windows-x86_64, r-oldrel-macos-arm64, r-oldrel-macos-x86_64, r-oldrel-windows-x86_64