CRAN Package Check Results for Package visTree

Last updated on 2019-08-22 00:51:27 CEST.

Flavor Version Tinstall Tcheck Ttotal Status Flags
r-devel-linux-x86_64-debian-clang 0.8.1 6.63 67.04 73.67 OK
r-devel-linux-x86_64-debian-gcc 0.8.1 6.00 53.71 59.71 OK
r-devel-linux-x86_64-fedora-clang 0.8.1 88.46 NOTE
r-devel-linux-x86_64-fedora-gcc 0.8.1 102.05 NOTE
r-devel-windows-ix86+x86_64 0.8.1 21.00 110.00 131.00 OK
r-patched-linux-x86_64 0.8.1 7.07 65.48 72.55 OK
r-patched-solaris-x86 0.8.1 137.90 NOTE
r-release-linux-x86_64 0.8.1 6.39 66.19 72.58 OK
r-release-windows-ix86+x86_64 0.8.1 19.00 126.00 145.00 OK
r-release-osx-x86_64 0.8.1 NOTE
r-oldrel-windows-ix86+x86_64 0.8.1 10.00 104.00 114.00 OK
r-oldrel-osx-x86_64 0.8.1 NOTE

Check Details

Version: 0.8.1
Check: dependencies in R code
Result: NOTE
    Namespace in Imports field not imported from: ‘rpart’
     All declared Imports should be used.
Flavors: r-devel-linux-x86_64-fedora-clang, r-devel-linux-x86_64-fedora-gcc, r-patched-solaris-x86, r-release-osx-x86_64, r-oldrel-osx-x86_64