CRAN Package Check Results for Package visTree

Last updated on 2019-05-23 10:54:23 CEST.

Flavor Version Tinstall Tcheck Ttotal Status Flags
r-devel-linux-x86_64-debian-clang 0.8.1 5.27 65.35 70.62 OK
r-devel-linux-x86_64-debian-gcc 0.8.1 5.51 53.72 59.23 OK
r-devel-linux-x86_64-fedora-clang 0.8.1 93.09 NOTE
r-devel-linux-x86_64-fedora-gcc 0.8.1 84.01 NOTE
r-devel-windows-ix86+x86_64 0.8.1 14.00 105.00 119.00 OK
r-patched-linux-x86_64 0.8.1 5.69 65.53 71.22 OK
r-patched-solaris-x86 0.8.1 139.40 NOTE
r-release-linux-x86_64 0.8.1 5.71 67.60 73.31 OK
r-release-windows-ix86+x86_64 0.8.1 19.00 85.00 104.00 OK
r-release-osx-x86_64 0.8.1 NOTE
r-oldrel-windows-ix86+x86_64 0.8.1 9.00 70.00 79.00 OK
r-oldrel-osx-x86_64 0.8.1 NOTE

Check Details

Version: 0.8.1
Check: dependencies in R code
Result: NOTE
    Namespace in Imports field not imported from: ‘rpart’
     All declared Imports should be used.
Flavors: r-devel-linux-x86_64-fedora-clang, r-devel-linux-x86_64-fedora-gcc, r-patched-solaris-x86, r-release-osx-x86_64, r-oldrel-osx-x86_64