CRAN Package Check Results for Package visae

Last updated on 2021-04-10 16:48:44 CEST.

Flavor Version Tinstall Tcheck Ttotal Status Flags
r-devel-linux-x86_64-debian-clang 0.1.0 5.76 62.45 68.21 NOTE
r-devel-linux-x86_64-debian-gcc 0.1.0 4.75 44.80 49.55 NOTE
r-devel-linux-x86_64-fedora-clang 0.1.0 82.51 NOTE
r-devel-linux-x86_64-fedora-gcc 0.1.0 72.65 NOTE
r-devel-windows-ix86+x86_64 0.1.0 11.00 57.00 68.00 NOTE
r-devel-windows-x86_64-gcc10-UCRT 0.1.0 NOTE
r-patched-linux-x86_64 0.1.0 6.48 56.27 62.75 OK
r-patched-solaris-x86 0.1.0 116.80 OK
r-release-linux-x86_64 0.1.0 5.93 56.45 62.38 OK
r-release-macos-x86_64 0.1.0 OK
r-release-windows-ix86+x86_64 0.1.0 17.00 85.00 102.00 OK
r-oldrel-macos-x86_64 0.1.0 OK
r-oldrel-windows-ix86+x86_64 0.1.0 13.00 66.00 79.00 OK

Check Details

Version: 0.1.0
Check: LazyData
Result: NOTE
     'LazyData' is specified without a 'data' directory
Flavors: r-devel-linux-x86_64-debian-clang, r-devel-linux-x86_64-debian-gcc, r-devel-linux-x86_64-fedora-clang, r-devel-linux-x86_64-fedora-gcc, r-devel-windows-ix86+x86_64, r-devel-windows-x86_64-gcc10-UCRT