CRAN Package Check Results for Package viscomplexr

Last updated on 2021-04-15 04:48:59 CEST.

Flavor Version Tinstall Tcheck Ttotal Status Flags
r-devel-linux-x86_64-debian-clang 1.1.0 21.32 91.00 112.32 NOTE
r-devel-linux-x86_64-debian-gcc 1.1.0 12.71 68.46 81.17 NOTE
r-devel-linux-x86_64-fedora-clang 1.1.0 143.46 NOTE
r-devel-linux-x86_64-fedora-gcc 1.1.0 127.37 NOTE
r-devel-windows-ix86+x86_64 1.1.0 46.00 128.00 174.00 NOTE
r-devel-windows-x86_64-gcc10-UCRT 1.1.0 NOTE
r-patched-linux-x86_64 1.1.0 17.10 85.70 102.80 OK
r-patched-solaris-x86 1.1.0 201.30 OK
r-release-linux-x86_64 1.1.0 16.23 86.38 102.61 OK
r-release-macos-x86_64 1.1.0 OK
r-release-windows-ix86+x86_64 1.1.0 41.00 152.00 193.00 OK
r-oldrel-macos-x86_64 1.1.0 ERROR

Check Details

Version: 1.1.0
Check: LazyData
Result: NOTE
     'LazyData' is specified without a 'data' directory
Flavors: r-devel-linux-x86_64-debian-clang, r-devel-linux-x86_64-debian-gcc, r-devel-linux-x86_64-fedora-clang, r-devel-linux-x86_64-fedora-gcc, r-devel-windows-ix86+x86_64, r-devel-windows-x86_64-gcc10-UCRT

Version: 1.1.0
Check: whether package can be installed
Result: ERROR
    Installation failed.
Flavor: r-oldrel-macos-x86_64