CRAN Package Check Results for Package visreg

Last updated on 2020-09-22 05:51:12 CEST.

Flavor Version Tinstall Tcheck Ttotal Status Flags
r-devel-linux-x86_64-debian-clang 2.7.0 5.79 43.11 48.90 OK
r-devel-linux-x86_64-debian-gcc 2.7.0 0.38 2.43 2.81 ERROR
r-devel-linux-x86_64-fedora-clang 2.7.0 78.59 OK
r-devel-linux-x86_64-fedora-gcc 2.7.0 64.40 OK
r-devel-windows-ix86+x86_64 2.7.0 10.00 53.00 63.00 OK
r-patched-linux-x86_64 2.7.0 4.33 42.78 47.11 OK
r-patched-solaris-x86 2.7.0 82.90 OK
r-release-linux-x86_64 2.7.0 5.43 43.52 48.95 OK
r-release-macos-x86_64 2.7.0 OK
r-release-windows-ix86+x86_64 2.7.0 7.00 47.00 54.00 OK
r-oldrel-macos-x86_64 2.7.0 OK
r-oldrel-windows-ix86+x86_64 2.7.0 7.00 67.00 74.00 OK

Check Details

Version: 2.7.0
Check: whether package can be installed
Result: ERROR
    Installation failed.
Flavor: r-devel-linux-x86_64-debian-gcc