CRAN Package Check Results for Package vita

Last updated on 2019-05-19 18:50:41 CEST.

Flavor Version Tinstall Tcheck Ttotal Status Flags
r-devel-linux-x86_64-debian-clang 1.0.0 23.41 36.81 60.22 OK
r-devel-linux-x86_64-debian-gcc 1.0.0 19.82 29.92 49.74 OK
r-devel-linux-x86_64-fedora-clang 1.0.0 92.74 NOTE
r-devel-linux-x86_64-fedora-gcc 1.0.0 79.94 NOTE
r-devel-windows-ix86+x86_64 1.0.0 75.00 102.00 177.00 OK
r-patched-linux-x86_64 1.0.0 24.34 36.46 60.80 OK
r-patched-solaris-x86 1.0.0 105.30 OK
r-release-linux-x86_64 1.0.0 24.83 35.59 60.42 OK
r-release-windows-ix86+x86_64 1.0.0 70.00 105.00 175.00 OK
r-release-osx-x86_64 1.0.0 OK
r-oldrel-windows-ix86+x86_64 1.0.0 72.00 101.00 173.00 OK
r-oldrel-osx-x86_64 1.0.0 OK

Check Details

Version: 1.0.0
Check: compiled code
Result: NOTE
    File ‘vita/libs/vita.so’:
     Found no calls to: ‘R_registerRoutines’, ‘R_useDynamicSymbols’
    
    It is good practice to register native routines and to disable symbol
    search.
    
    See ‘Writing portable packages’ in the ‘Writing R Extensions’ manual.
Flavors: r-devel-linux-x86_64-fedora-clang, r-devel-linux-x86_64-fedora-gcc