Last updated on 2022-08-07 17:52:38 CEST.
Flavor | Version | Tinstall | Tcheck | Ttotal | Status | Flags |
---|---|---|---|---|---|---|
r-devel-linux-x86_64-debian-clang | 0.2.3 | 9.27 | 260.70 | 269.97 | NOTE | |
r-devel-linux-x86_64-debian-gcc | 0.2.3 | 7.52 | 188.82 | 196.34 | NOTE | |
r-devel-linux-x86_64-fedora-clang | 0.2.3 | 330.82 | NOTE | |||
r-devel-linux-x86_64-fedora-gcc | 0.2.3 | 317.30 | NOTE | |||
r-devel-windows-x86_64 | 0.2.3 | 19.00 | 284.00 | 303.00 | NOTE | |
r-patched-linux-x86_64 | 0.2.3 | 6.55 | 241.41 | 247.96 | OK | |
r-release-linux-x86_64 | 0.2.3 | 6.74 | 245.75 | 252.49 | OK | |
r-release-macos-arm64 | 0.2.3 | 125.00 | NOTE | |||
r-release-macos-x86_64 | 0.2.3 | 213.00 | NOTE | |||
r-release-windows-x86_64 | 0.2.3 | 15.00 | 283.00 | 298.00 | OK | |
r-oldrel-macos-arm64 | 0.2.3 | 318.00 | NOTE | |||
r-oldrel-macos-x86_64 | 0.2.3 | 161.00 | NOTE | |||
r-oldrel-windows-ix86+x86_64 | 0.2.3 | 25.00 | 283.00 | 308.00 | OK |
Version: 0.2.3
Check: package subdirectories
Result: NOTE
Problems with news in 'NEWS.md':
Cannot extract version info from the following section titles:
NEWS UPDATES:
Flavors: r-devel-linux-x86_64-debian-clang, r-devel-linux-x86_64-debian-gcc, r-devel-linux-x86_64-fedora-clang, r-devel-linux-x86_64-fedora-gcc, r-devel-windows-x86_64
Version: 0.2.3
Check: dependencies in R code
Result: NOTE
Namespaces in Imports field not imported from:
‘RColorBrewer’ ‘colorspace’ ‘tidyr’
All declared Imports should be used.
Flavors: r-devel-linux-x86_64-fedora-clang, r-devel-linux-x86_64-fedora-gcc, r-release-macos-arm64, r-release-macos-x86_64, r-oldrel-macos-arm64, r-oldrel-macos-x86_64
Version: 0.2.3
Check: package dependencies
Result: NOTE
Package suggested but not available for checking: ‘zenplots’
Flavor: r-release-macos-arm64