CRAN Package Check Results for Package vivid

Last updated on 2022-12-05 17:52:41 CET.

Flavor Version Tinstall Tcheck Ttotal Status Flags
r-devel-linux-x86_64-debian-clang 0.2.3 9.85 263.31 273.16 NOTE
r-devel-linux-x86_64-debian-gcc 0.2.3 7.90 195.02 202.92 NOTE
r-devel-linux-x86_64-fedora-clang 0.2.3 277.30 NOTE
r-devel-linux-x86_64-fedora-gcc 0.2.3 357.70 NOTE
r-devel-windows-x86_64 0.2.3 16.00 279.00 295.00 NOTE
r-patched-linux-x86_64 0.2.3 7.11 249.17 256.28 OK
r-release-linux-x86_64 0.2.3 8.91 261.27 270.18 OK
r-release-macos-arm64 0.2.3 125.00 NOTE
r-release-macos-x86_64 0.2.3 213.00 NOTE
r-release-windows-x86_64 0.2.3 25.00 309.00 334.00 OK
r-oldrel-macos-arm64 0.2.3 318.00 NOTE
r-oldrel-macos-x86_64 0.2.3 161.00 NOTE
r-oldrel-windows-ix86+x86_64 0.2.3 25.00 280.00 305.00 OK

Check Details

Version: 0.2.3
Check: package subdirectories
Result: NOTE
    Problems with news in 'NEWS.md':
     Cannot extract version info from the following section titles:
     NEWS UPDATES:
Flavors: r-devel-linux-x86_64-debian-clang, r-devel-linux-x86_64-debian-gcc, r-devel-linux-x86_64-fedora-clang, r-devel-linux-x86_64-fedora-gcc, r-devel-windows-x86_64

Version: 0.2.3
Check: dependencies in R code
Result: NOTE
    Namespaces in Imports field not imported from:
     ‘RColorBrewer’ ‘colorspace’ ‘tidyr’
     All declared Imports should be used.
Flavors: r-devel-linux-x86_64-fedora-clang, r-devel-linux-x86_64-fedora-gcc, r-release-macos-arm64, r-release-macos-x86_64, r-oldrel-macos-arm64, r-oldrel-macos-x86_64

Version: 0.2.3
Check: package dependencies
Result: NOTE
    Package suggested but not available for checking: ‘zenplots’
Flavor: r-release-macos-arm64