CRAN Package Check Results for Package vlad

Last updated on 2021-05-18 14:50:38 CEST.

Flavor Version Tinstall Tcheck Ttotal Status Flags
r-devel-linux-x86_64-debian-clang 0.2.2 155.46 60.91 216.37 OK
r-devel-linux-x86_64-debian-gcc 0.2.2 98.07 44.77 142.84 OK
r-devel-linux-x86_64-fedora-clang 0.2.2 297.54 NOTE
r-devel-linux-x86_64-fedora-gcc 0.2.2 261.38 OK
r-devel-windows-ix86+x86_64 0.2.2 351.00 102.00 453.00 OK
r-devel-windows-x86_64-gcc10-UCRT 0.2.2 OK
r-patched-linux-x86_64 0.2.2 117.85 57.66 175.51 OK
r-patched-solaris-x86 0.2.2 254.00 OK
r-release-linux-x86_64 0.2.2 111.94 55.82 167.76 OK
r-release-macos-x86_64 0.2.2 OK
r-release-windows-ix86+x86_64 0.2.2 260.00 96.00 356.00 OK
r-oldrel-macos-x86_64 0.2.2 OK
r-oldrel-windows-ix86+x86_64 0.2.2 231.00 110.00 341.00 OK

Check Details

Version: 0.2.2
Check: installed package size
Result: NOTE
     installed size is 5.3Mb
     sub-directories of 1Mb or more:
     libs 4.7Mb
Flavor: r-devel-linux-x86_64-fedora-clang