CRAN Package Check Results for Package vmsbase

Last updated on 2019-01-22 03:48:00 CET.

Flavor Version Tinstall Tcheck Ttotal Status Flags
r-devel-linux-x86_64-debian-clang 2.2.0 34.54 197.42 231.96 OK
r-devel-linux-x86_64-debian-gcc 2.2.0 34.02 172.88 206.90 OK
r-devel-linux-x86_64-fedora-clang 2.2.0 274.68 OK
r-devel-linux-x86_64-fedora-gcc 2.2.0 311.50 OK
r-devel-windows-ix86+x86_64 2.2.0 60.00 191.00 251.00 OK
r-patched-linux-x86_64 2.2.0 27.43 175.62 203.05 OK
r-patched-solaris-x86 2.2.0 375.20 OK
r-release-linux-x86_64 2.2.0 29.29 175.74 205.03 OK
r-release-windows-ix86+x86_64 2.2.0 62.00 263.00 325.00 OK
r-release-osx-x86_64 2.2.0 ERROR
r-oldrel-windows-ix86+x86_64 2.2.0 44.00 178.00 222.00 OK
r-oldrel-osx-x86_64 2.2.0 ERROR

Check Details

Version: 2.2.0
Check: package dependencies
Result: ERROR
    Packages required but not available: ‘cairoDevice’ ‘gWidgetsRGtk2’
    
    See section ‘The DESCRIPTION file’ in the ‘Writing R Extensions’
    manual.
Flavors: r-release-osx-x86_64, r-oldrel-osx-x86_64