CRAN Package Check Results for Package vmsbase

Last updated on 2019-03-23 11:51:36 CET.

Flavor Version Tinstall Tcheck Ttotal Status Flags
r-devel-linux-x86_64-debian-clang 2.2.0 44.38 191.85 236.23 OK
r-devel-linux-x86_64-debian-gcc 2.2.0 38.23 178.38 216.61 OK
r-devel-linux-x86_64-fedora-clang 2.2.0 230.18 OK
r-devel-linux-x86_64-fedora-gcc 2.2.0 224.20 OK
r-devel-windows-ix86+x86_64 2.2.0 86.00 205.00 291.00 OK
r-patched-linux-x86_64 2.2.0 30.03 183.64 213.67 OK
r-patched-solaris-x86 2.2.0 349.70 OK
r-release-linux-x86_64 2.2.0 0.54 2.74 3.28 ERROR
r-release-windows-ix86+x86_64 2.2.0 43.00 195.00 238.00 OK
r-release-osx-x86_64 2.2.0 ERROR
r-oldrel-windows-ix86+x86_64 2.2.0 50.00 268.00 318.00 OK
r-oldrel-osx-x86_64 2.2.0 ERROR

Check Details

Version: 2.2.0
Check: whether package can be installed
Result: ERROR
    Installation failed.
Flavor: r-release-linux-x86_64

Version: 2.2.0
Check: package dependencies
Result: ERROR
    Packages required but not available: ‘cairoDevice’ ‘gWidgetsRGtk2’
    
    See section ‘The DESCRIPTION file’ in the ‘Writing R Extensions’
    manual.
Flavors: r-release-osx-x86_64, r-oldrel-osx-x86_64