CRAN Package Check Results for Package vmsbase

Last updated on 2019-06-19 18:53:00 CEST.

Flavor Version Tinstall Tcheck Ttotal Status Flags
r-devel-linux-x86_64-debian-clang 2.2.0 42.44 195.64 238.08 OK
r-devel-linux-x86_64-debian-gcc 2.2.0 37.63 179.55 217.18 OK
r-devel-linux-x86_64-fedora-clang 2.2.0 282.21 OK
r-devel-linux-x86_64-fedora-gcc 2.2.0 323.62 OK
r-devel-windows-ix86+x86_64 2.2.0 100.00 275.00 375.00 OK
r-patched-linux-x86_64 2.2.0 52.64 200.92 253.56 OK
r-patched-solaris-x86 2.2.0 67.20 ERROR
r-release-linux-x86_64 2.2.0 54.39 210.14 264.53 OK
r-release-windows-ix86+x86_64 2.2.0 83.00 266.00 349.00 OK
r-release-osx-x86_64 2.2.0 OK
r-oldrel-windows-ix86+x86_64 2.2.0 40.00 268.00 308.00 OK
r-oldrel-osx-x86_64 2.2.0 OK

Check Details

Version: 2.2.0
Check: whether package can be installed
Result: ERROR
    Installation failed.
Flavor: r-patched-solaris-x86