CRAN Package Check Results for Package volesti

Last updated on 2020-05-29 06:48:42 CEST.

Flavor Version Tinstall Tcheck Ttotal Status Flags
r-devel-linux-x86_64-debian-clang 1.0.3 308.52 80.74 389.26 OK
r-devel-linux-x86_64-debian-gcc 1.0.3 258.74 69.88 328.62 OK
r-devel-linux-x86_64-fedora-clang 1.0.3 618.19 NOTE
r-devel-linux-x86_64-fedora-gcc 1.0.3 546.80 OK
r-devel-windows-ix86+x86_64 1.0.3 768.00 235.00 1003.00 OK
r-patched-linux-x86_64 1.0.3 263.39 90.17 353.56 OK
r-patched-solaris-x86 1.0.3 421.70 OK
r-release-linux-x86_64 1.0.3 275.44 92.19 367.63 OK
r-release-osx-x86_64 1.0.3 NOTE
r-release-windows-ix86+x86_64 1.0.3 597.00 248.00 845.00 ERROR
r-oldrel-osx-x86_64 1.0.3 NOTE
r-oldrel-windows-ix86+x86_64 1.0.3 606.00 196.00 802.00 OK

Additional issues

clang-UBSAN

Check Details

Version: 1.0.3
Check: installed package size
Result: NOTE
     installed size is 46.7Mb
     sub-directories of 1Mb or more:
     libs 46.3Mb
Flavors: r-devel-linux-x86_64-fedora-clang, r-release-osx-x86_64, r-oldrel-osx-x86_64

Version: 1.0.3
Check: running tests for arch ‘x64’
Result: ERROR
     Running 'testthat.R' [57s]
    Running the tests in 'tests/testthat.R' failed.
    Complete output:
     > library(testthat)
     > #library(volesti)
     >
     > test_check("volesti")
     Loading required package: volesti
     Loading required package: Rcpp
     -- 1. Failure: Volume H-prod_simplex_5_5 (@test_Hvol.R#110) -------------------
     `res` not equal to 1.
     1/1 mismatches
     [1] 0 - 1 == -1
    
     == testthat results ===========================================================
     [ OK: 49 | SKIPPED: 0 | WARNINGS: 0 | FAILED: 1 ]
     1. Failure: Volume H-prod_simplex_5_5 (@test_Hvol.R#110)
    
     Error: testthat unit tests failed
     Execution halted
Flavor: r-release-windows-ix86+x86_64