CRAN Package Check Results for Package volesti

Last updated on 2019-09-23 20:47:49 CEST.

Flavor Version Tinstall Tcheck Ttotal Status Flags
r-devel-linux-x86_64-debian-clang 1.0.3 261.22 77.34 338.56 OK
r-devel-linux-x86_64-debian-gcc 1.0.3 241.10 64.36 305.46 OK
r-devel-linux-x86_64-fedora-clang 1.0.3 565.58 NOTE
r-devel-linux-x86_64-fedora-gcc 1.0.3 541.05 OK
r-devel-windows-ix86+x86_64 1.0.3 710.00 182.00 892.00 OK
r-patched-linux-x86_64 1.0.3 262.04 83.65 345.69 OK
r-patched-solaris-x86 1.0.3 414.00 OK
r-release-linux-x86_64 1.0.3 259.83 84.84 344.67 OK
r-release-windows-ix86+x86_64 1.0.3 741.00 231.00 972.00 OK
r-release-osx-x86_64 1.0.3 NOTE
r-oldrel-windows-ix86+x86_64 1.0.3 545.00 181.00 726.00 OK
r-oldrel-osx-x86_64 1.0.3 NOTE

Check Details

Version: 1.0.3
Check: installed package size
Result: NOTE
     installed size is 43.8Mb
     sub-directories of 1Mb or more:
     libs 43.4Mb
Flavors: r-devel-linux-x86_64-fedora-clang, r-release-osx-x86_64, r-oldrel-osx-x86_64