CRAN Package Check Results for Package volleystat

Last updated on 2024-06-25 12:53:47 CEST.

Flavor Version Tinstall Tcheck Ttotal Status Flags
r-devel-linux-x86_64-debian-clang 0.2.0 2.31 43.60 45.91 OK
r-devel-linux-x86_64-debian-gcc 0.2.0 2.19 32.96 35.15 OK
r-devel-linux-x86_64-fedora-clang 0.2.0 60.70 NOTE
r-devel-linux-x86_64-fedora-gcc 0.2.0 68.76 NOTE
r-devel-windows-x86_64 0.2.0 3.00 59.00 62.00 OK
r-patched-linux-x86_64 0.2.0 2.78 42.10 44.88 OK
r-release-linux-x86_64 0.2.0 2.55 39.65 42.20 OK
r-release-macos-arm64 0.2.0 28.00 OK
r-release-macos-x86_64 0.2.0 68.00 OK
r-release-windows-x86_64 0.2.0 4.00 60.00 64.00 OK
r-oldrel-macos-arm64 0.2.0 28.00 OK
r-oldrel-macos-x86_64 0.2.0 44.00 OK
r-oldrel-windows-x86_64 0.2.0 4.00 63.00 67.00 OK

Check Details

Version: 0.2.0
Check: data for non-ASCII characters
Result: NOTE Note: found 4954 marked UTF-8 strings Flavors: r-devel-linux-x86_64-fedora-clang, r-devel-linux-x86_64-fedora-gcc