CRAN Package Check Results for Package vortexRdata

Last updated on 2022-09-28 14:49:15 CEST.

Flavor Version Tinstall Tcheck Ttotal Status Flags
r-devel-linux-x86_64-debian-clang 1.0.5 3.15 24.16 27.31 NOTE
r-devel-linux-x86_64-debian-gcc 1.0.5 2.27 19.41 21.68 NOTE
r-devel-linux-x86_64-fedora-clang 1.0.5 45.66 NOTE
r-devel-linux-x86_64-fedora-gcc 1.0.5 44.65 NOTE
r-devel-windows-x86_64 1.0.5 141.00 59.00 200.00 NOTE
r-patched-linux-x86_64 1.0.5 2.83 23.82 26.65 OK
r-release-linux-x86_64 1.0.5 2.41 23.88 26.29 OK
r-release-macos-arm64 1.0.5 16.00 OK
r-release-macos-x86_64 1.0.5 24.00 OK
r-release-windows-x86_64 1.0.5 14.00 46.00 60.00 OK
r-oldrel-macos-arm64 1.0.5 19.00 OK
r-oldrel-macos-x86_64 1.0.5 34.00 OK
r-oldrel-windows-ix86+x86_64 1.0.5 6.00 27.00 33.00 OK

Check Details

Version: 1.0.5
Check: package subdirectories
Result: NOTE
    Problems with news in 'NEWS.md':
     Cannot extract version info from the following section titles:
     vortexRdata pre-1.0.3
Flavors: r-devel-linux-x86_64-debian-clang, r-devel-linux-x86_64-debian-gcc, r-devel-linux-x86_64-fedora-clang, r-devel-linux-x86_64-fedora-gcc, r-devel-windows-x86_64