CRAN Package Check Results for Package voteogram

Last updated on 2023-01-29 16:55:13 CET.

Flavor Version Tinstall Tcheck Ttotal Status Flags
r-devel-linux-x86_64-debian-clang 0.3.1 5.37 71.44 76.81 NOTE
r-devel-linux-x86_64-debian-gcc 0.3.1 4.52 52.78 57.30 NOTE
r-devel-linux-x86_64-fedora-clang 0.3.1 92.41 NOTE
r-devel-linux-x86_64-fedora-gcc 0.3.1 98.67 NOTE
r-patched-linux-x86_64 0.3.1 5.93 68.88 74.81 OK
r-release-linux-x86_64 0.3.1 5.23 69.76 74.99 OK
r-release-macos-arm64 0.3.1 33.00 OK
r-release-macos-x86_64 0.3.1 65.00 OK
r-release-windows-x86_64 0.3.1 29.00 104.00 133.00 OK
r-oldrel-macos-arm64 0.3.1 43.00 OK
r-oldrel-macos-x86_64 0.3.1 44.00 OK
r-oldrel-windows-ix86+x86_64 0.3.1 16.00 91.00 107.00 OK

Check Details

Version: 0.3.1
Check: package subdirectories
Result: NOTE
    Problems with news in ‘NEWS.md’:
    No news entries found.
Flavors: r-devel-linux-x86_64-debian-clang, r-devel-linux-x86_64-debian-gcc, r-devel-linux-x86_64-fedora-clang, r-devel-linux-x86_64-fedora-gcc