CRAN Package Check Results for Package vov

Last updated on 2024-05-21 11:53:55 CEST.

Flavor Version Tinstall Tcheck Ttotal Status Flags
r-devel-linux-x86_64-debian-clang 0.1.2 3.12 32.97 36.09 NOTE
r-devel-linux-x86_64-debian-gcc 0.1.2 2.66 25.24 27.90 NOTE
r-devel-linux-x86_64-fedora-clang 0.1.2 45.52 NOTE
r-devel-linux-x86_64-fedora-gcc 0.1.2 42.97 NOTE
r-devel-windows-x86_64 0.1.2 4.00 58.00 62.00 NOTE
r-patched-linux-x86_64 0.1.2 4.72 32.25 36.97 NOTE
r-release-linux-x86_64 0.1.2 2.47 31.06 33.53 NOTE
r-release-macos-arm64 0.1.2 21.00 NOTE
r-release-windows-x86_64 0.1.2 6.00 57.00 63.00 NOTE
r-oldrel-macos-arm64 0.1.2 19.00 NOTE
r-oldrel-macos-x86_64 0.1.2 26.00 NOTE
r-oldrel-windows-x86_64 0.1.2 5.00 61.00 66.00 NOTE

Check Details

Version: 0.1.2
Check: LazyData
Result: NOTE 'LazyData' is specified without a 'data' directory Flavors: r-devel-linux-x86_64-debian-clang, r-devel-linux-x86_64-debian-gcc, r-devel-linux-x86_64-fedora-clang, r-devel-linux-x86_64-fedora-gcc, r-devel-windows-x86_64, r-patched-linux-x86_64, r-release-linux-x86_64, r-release-macos-arm64, r-release-windows-x86_64, r-oldrel-macos-arm64, r-oldrel-macos-x86_64, r-oldrel-windows-x86_64