CRAN Package Check Results for Package vov

Last updated on 2021-10-19 13:53:42 CEST.

Flavor Version Tinstall Tcheck Ttotal Status Flags
r-devel-linux-x86_64-debian-clang 0.1.2 3.25 27.50 30.75 NOTE
r-devel-linux-x86_64-debian-gcc 0.1.2 2.44 21.41 23.85 NOTE
r-devel-linux-x86_64-fedora-clang 0.1.2 47.99 NOTE
r-devel-linux-x86_64-fedora-gcc 0.1.2 37.53 NOTE
r-devel-windows-x86_64 0.1.2 6.00 40.00 46.00 NOTE
r-devel-windows-x86_64-gcc10-UCRT 0.1.2 NOTE
r-patched-linux-x86_64 0.1.2 4.30 26.45 30.75 NOTE
r-patched-solaris-x86 0.1.2 56.20 NOTE
r-release-linux-x86_64 0.1.2 3.22 27.12 30.34 NOTE
r-release-macos-arm64 0.1.2 NOTE
r-release-macos-x86_64 0.1.2 NOTE
r-release-windows-ix86+x86_64 0.1.2 6.00 48.00 54.00 NOTE
r-oldrel-macos-x86_64 0.1.2 OK
r-oldrel-windows-ix86+x86_64 0.1.2 7.00 48.00 55.00 OK

Check Details

Version: 0.1.2
Check: LazyData
Result: NOTE
     'LazyData' is specified without a 'data' directory
Flavors: r-devel-linux-x86_64-debian-clang, r-devel-linux-x86_64-debian-gcc, r-devel-linux-x86_64-fedora-clang, r-devel-linux-x86_64-fedora-gcc, r-devel-windows-x86_64, r-devel-windows-x86_64-gcc10-UCRT, r-patched-linux-x86_64, r-patched-solaris-x86, r-release-linux-x86_64, r-release-macos-arm64, r-release-macos-x86_64, r-release-windows-ix86+x86_64