CRAN Package Check Results for Package vows

Last updated on 2020-10-28 11:50:02 CET.

Flavor Version Tinstall Tcheck Ttotal Status Flags
r-devel-linux-x86_64-debian-clang 0.5 12.55 88.46 101.01 OK
r-devel-linux-x86_64-debian-gcc 0.5 8.80 68.78 77.58 OK
r-devel-linux-x86_64-fedora-clang 0.5 134.38 NOTE
r-devel-linux-x86_64-fedora-gcc 0.5 118.37 OK
r-devel-windows-ix86+x86_64 0.5 22.00 92.00 114.00 OK
r-patched-linux-x86_64 0.5 OK
r-patched-solaris-x86 0.5 167.90 OK
r-release-linux-x86_64 0.5 8.96 82.99 91.95 OK
r-release-macos-x86_64 0.5 OK
r-release-windows-ix86+x86_64 0.5 17.00 85.00 102.00 OK
r-oldrel-macos-x86_64 0.5 OK
r-oldrel-windows-ix86+x86_64 0.5 20.00 105.00 125.00 OK

Check Details

Version: 0.5
Check: Rd cross-references
Result: NOTE
    Undeclared package ‘lme4’ in Rd xrefs
Flavor: r-devel-linux-x86_64-fedora-clang