Last updated on 2023-09-22 23:05:15 CEST.
Flavor | Version | Tinstall | Tcheck | Ttotal | Status | Flags |
---|---|---|---|---|---|---|
r-devel-linux-x86_64-debian-clang | 1.3.5 | 13.85 | 157.34 | 171.19 | NOTE | |
r-devel-linux-x86_64-debian-gcc | 1.3.5 | 12.16 | 116.99 | 129.15 | NOTE | |
r-devel-linux-x86_64-fedora-clang | 1.3.5 | 207.20 | NOTE | |||
r-devel-linux-x86_64-fedora-gcc | 1.3.5 | 202.56 | NOTE | |||
r-devel-windows-x86_64 | 1.3.5 | 13.00 | 130.00 | 143.00 | NOTE | |
r-patched-linux-x86_64 | 1.3.5 | 19.50 | 148.91 | 168.41 | NOTE | |
r-release-linux-x86_64 | 1.3.5 | 14.39 | 148.39 | 162.78 | NOTE | |
r-release-macos-arm64 | 1.3.5 | 66.00 | NOTE | |||
r-release-macos-x86_64 | 1.3.5 | 99.00 | NOTE | |||
r-release-windows-x86_64 | 1.3.5 | 19.00 | 162.00 | 181.00 | NOTE | |
r-oldrel-macos-arm64 | 1.3.5 | 57.00 | NOTE | |||
r-oldrel-macos-x86_64 | 1.3.5 | 105.00 | NOTE | |||
r-oldrel-windows-x86_64 | 1.3.5 | 20.00 | 161.00 | 181.00 | NOTE |
Version: 1.3.5
Check: package subdirectories
Result: NOTE
Problems with news in ‘NEWS.md’:
No news entries found.
Flavors: r-devel-linux-x86_64-debian-clang, r-devel-linux-x86_64-debian-gcc, r-devel-linux-x86_64-fedora-clang, r-devel-linux-x86_64-fedora-gcc, r-devel-windows-x86_64, r-patched-linux-x86_64, r-release-linux-x86_64, r-release-macos-arm64, r-release-macos-x86_64, r-release-windows-x86_64
Version: 1.3.5
Check: LazyData
Result: NOTE
'LazyData' is specified without a 'data' directory
Flavors: r-devel-linux-x86_64-debian-clang, r-devel-linux-x86_64-debian-gcc, r-devel-linux-x86_64-fedora-clang, r-devel-linux-x86_64-fedora-gcc, r-devel-windows-x86_64, r-patched-linux-x86_64, r-release-linux-x86_64, r-release-macos-arm64, r-release-macos-x86_64, r-release-windows-x86_64, r-oldrel-macos-arm64, r-oldrel-macos-x86_64, r-oldrel-windows-x86_64
Version: 1.3.5
Check: dependencies in R code
Result: NOTE
Namespace in Imports field not imported from: ‘methods’
All declared Imports should be used.
Flavors: r-devel-linux-x86_64-fedora-clang, r-devel-linux-x86_64-fedora-gcc, r-oldrel-macos-arm64, r-oldrel-macos-x86_64