CRAN Package Check Results for Package voxel

Last updated on 2019-09-21 04:47:54 CEST.

Flavor Version Tinstall Tcheck Ttotal Status Flags
r-devel-linux-x86_64-debian-clang 1.3.5 11.78 110.71 122.49 OK
r-devel-linux-x86_64-debian-gcc 1.3.5 9.30 87.06 96.36 OK
r-devel-linux-x86_64-fedora-clang 1.3.5 143.57 NOTE
r-devel-linux-x86_64-fedora-gcc 1.3.5 144.55 NOTE
r-devel-windows-ix86+x86_64 1.3.5 35.00 114.00 149.00 OK
r-patched-linux-x86_64 1.3.5 10.40 106.14 116.54 OK
r-patched-solaris-x86 1.3.5 202.80 NOTE
r-release-linux-x86_64 1.3.5 10.53 109.39 119.92 OK
r-release-windows-ix86+x86_64 1.3.5 24.00 168.00 192.00 OK
r-release-osx-x86_64 1.3.5 NOTE
r-oldrel-windows-ix86+x86_64 1.3.5 16.00 112.00 128.00 OK
r-oldrel-osx-x86_64 1.3.5 NOTE

Check Details

Version: 1.3.5
Check: dependencies in R code
Result: NOTE
    Namespace in Imports field not imported from: ‘methods’
     All declared Imports should be used.
Flavors: r-devel-linux-x86_64-fedora-clang, r-devel-linux-x86_64-fedora-gcc, r-patched-solaris-x86, r-release-osx-x86_64, r-oldrel-osx-x86_64