CRAN Package Check Results for Package voxel

Last updated on 2020-02-21 04:48:40 CET.

Flavor Version Tinstall Tcheck Ttotal Status Flags
r-devel-linux-x86_64-debian-clang 1.3.5 14.42 128.64 143.06 OK
r-devel-linux-x86_64-debian-gcc 1.3.5 12.84 99.90 112.74 OK
r-devel-linux-x86_64-fedora-clang 1.3.5 170.07 NOTE
r-devel-linux-x86_64-fedora-gcc 1.3.5 161.94 NOTE
r-devel-windows-ix86+x86_64 1.3.5 25.00 146.00 171.00 OK
r-devel-windows-ix86+x86_64-gcc8 1.3.5 38.00 129.00 167.00 OK
r-patched-linux-x86_64 1.3.5 11.18 114.88 126.06 OK
r-patched-solaris-x86 1.3.5 218.00 NOTE
r-release-linux-x86_64 1.3.5 10.98 110.77 121.75 OK
r-release-windows-ix86+x86_64 1.3.5 22.00 125.00 147.00 OK
r-release-osx-x86_64 1.3.5 NOTE
r-oldrel-windows-ix86+x86_64 1.3.5 15.00 115.00 130.00 OK
r-oldrel-osx-x86_64 1.3.5 NOTE

Check Details

Version: 1.3.5
Check: dependencies in R code
Result: NOTE
    Namespace in Imports field not imported from: ‘methods’
     All declared Imports should be used.
Flavors: r-devel-linux-x86_64-fedora-clang, r-devel-linux-x86_64-fedora-gcc, r-patched-solaris-x86, r-release-osx-x86_64, r-oldrel-osx-x86_64