CRAN Package Check Results for Package voxel

Last updated on 2022-11-27 09:08:13 CET.

Flavor Version Tinstall Tcheck Ttotal Status Flags
r-devel-linux-x86_64-debian-clang 1.3.5 14.83 164.79 179.62 NOTE
r-devel-linux-x86_64-debian-gcc 1.3.5 13.32 123.53 136.85 NOTE
r-devel-linux-x86_64-fedora-clang 1.3.5 237.37 NOTE
r-devel-linux-x86_64-fedora-gcc 1.3.5 232.96 NOTE
r-devel-windows-x86_64 1.3.5 27.00 191.00 218.00 NOTE
r-patched-linux-x86_64 1.3.5 13.19 152.00 165.19 NOTE
r-release-linux-x86_64 1.3.5 15.86 155.09 170.95 NOTE
r-release-macos-arm64 1.3.5 57.00 NOTE
r-release-macos-x86_64 1.3.5 105.00 NOTE
r-release-windows-x86_64 1.3.5 27.00 187.00 214.00 NOTE
r-oldrel-macos-arm64 1.3.5 63.00 NOTE
r-oldrel-macos-x86_64 1.3.5 87.00 NOTE
r-oldrel-windows-ix86+x86_64 1.3.5 34.00 177.00 211.00 NOTE

Check Details

Version: 1.3.5
Check: package subdirectories
Result: NOTE
    Problems with news in 'NEWS.md':
    No news entries found.
Flavors: r-devel-linux-x86_64-debian-clang, r-devel-linux-x86_64-debian-gcc, r-devel-linux-x86_64-fedora-clang, r-devel-linux-x86_64-fedora-gcc, r-devel-windows-x86_64

Version: 1.3.5
Check: LazyData
Result: NOTE
     'LazyData' is specified without a 'data' directory
Flavors: r-devel-linux-x86_64-debian-clang, r-devel-linux-x86_64-debian-gcc, r-devel-linux-x86_64-fedora-clang, r-devel-linux-x86_64-fedora-gcc, r-devel-windows-x86_64, r-patched-linux-x86_64, r-release-linux-x86_64, r-release-macos-arm64, r-release-macos-x86_64, r-release-windows-x86_64, r-oldrel-macos-arm64, r-oldrel-macos-x86_64, r-oldrel-windows-ix86+x86_64

Version: 1.3.5
Check: dependencies in R code
Result: NOTE
    Namespace in Imports field not imported from: ‘methods’
     All declared Imports should be used.
Flavors: r-devel-linux-x86_64-fedora-clang, r-devel-linux-x86_64-fedora-gcc, r-release-macos-arm64, r-release-macos-x86_64, r-oldrel-macos-arm64, r-oldrel-macos-x86_64