CRAN Package Check Results for Package vrcp

Last updated on 2022-08-10 21:53:56 CEST.

Flavor Version Tinstall Tcheck Ttotal Status Flags
r-devel-linux-x86_64-debian-clang 0.1.1 21.13 120.03 141.16 NOTE
r-devel-linux-x86_64-debian-gcc 0.1.1 17.07 86.01 103.08 NOTE
r-devel-linux-x86_64-fedora-clang 0.1.1 175.70 NOTE
r-devel-linux-x86_64-fedora-gcc 0.1.1 171.20 NOTE
r-devel-windows-x86_64 0.1.1 44.00 165.00 209.00 NOTE
r-patched-linux-x86_64 0.1.1 20.10 111.73 131.83 NOTE
r-release-linux-x86_64 0.1.1 NOTE
r-release-macos-arm64 0.1.1 38.00 NOTE
r-release-macos-x86_64 0.1.1 74.00 NOTE
r-release-windows-x86_64 0.1.1 49.00 122.00 171.00 NOTE
r-oldrel-macos-arm64 0.1.1 46.00 NOTE
r-oldrel-macos-x86_64 0.1.1 63.00 NOTE
r-oldrel-windows-ix86+x86_64 0.1.1 39.00 125.00 164.00 NOTE

Check Details

Version: 0.1.1
Check: LazyData
Result: NOTE
     'LazyData' is specified without a 'data' directory
Flavors: r-devel-linux-x86_64-debian-clang, r-devel-linux-x86_64-debian-gcc, r-devel-linux-x86_64-fedora-clang, r-devel-linux-x86_64-fedora-gcc, r-devel-windows-x86_64, r-patched-linux-x86_64, r-release-linux-x86_64, r-release-macos-arm64, r-release-macos-x86_64, r-release-windows-x86_64, r-oldrel-macos-arm64, r-oldrel-macos-x86_64, r-oldrel-windows-ix86+x86_64