Last updated on 2023-01-27 01:56:58 CET.
Flavor | Version | Tinstall | Tcheck | Ttotal | Status | Flags |
---|---|---|---|---|---|---|
r-devel-linux-x86_64-debian-clang | 1.6.1 | 127.80 | 127.93 | 255.73 | OK | |
r-devel-linux-x86_64-debian-gcc | 1.6.1 | 120.35 | 93.71 | 214.06 | OK | |
r-devel-linux-x86_64-fedora-clang | 1.6.1 | 322.30 | NOTE | |||
r-devel-linux-x86_64-fedora-gcc | 1.6.1 | 361.72 | NOTE | |||
r-patched-linux-x86_64 | 1.6.1 | 129.84 | 122.99 | 252.83 | OK | |
r-release-linux-x86_64 | 1.6.1 | 127.99 | 120.30 | 248.29 | OK | |
r-release-macos-arm64 | 1.6.1 | 93.00 | NOTE | |||
r-release-macos-x86_64 | 1.6.1 | 120.00 | NOTE | |||
r-release-windows-x86_64 | 1.6.1 | 146.00 | 155.00 | 301.00 | OK | |
r-oldrel-macos-arm64 | 1.6.1 | 89.00 | NOTE | |||
r-oldrel-macos-x86_64 | 1.6.1 | 123.00 | NOTE | |||
r-oldrel-windows-ix86+x86_64 | 1.6.1 | 350.00 | 253.00 | 603.00 | OK |
Version: 1.6.1
Check: C++ specification
Result: NOTE
Specified C++11: please update to current default of C++17
Flavors: r-devel-linux-x86_64-fedora-clang, r-devel-linux-x86_64-fedora-gcc
Version: 1.6.1
Check: Rd cross-references
Result: NOTE
Undeclared package ‘readr’ in Rd xrefs
Flavor: r-devel-linux-x86_64-fedora-clang
Version: 1.6.1
Check: installed package size
Result: NOTE
installed size is 10.0Mb
sub-directories of 1Mb or more:
libs 8.6Mb
Flavors: r-release-macos-arm64, r-release-macos-x86_64, r-oldrel-macos-arm64, r-oldrel-macos-x86_64