CRAN Package Check Results for Package vscc

Last updated on 2021-06-13 02:51:43 CEST.

Flavor Version Tinstall Tcheck Ttotal Status Flags
r-devel-linux-x86_64-debian-clang 0.2 2.24 58.42 60.66 NOTE
r-devel-linux-x86_64-debian-gcc 0.2 1.64 41.01 42.65 NOTE
r-devel-linux-x86_64-fedora-clang 0.2 82.42 NOTE
r-devel-linux-x86_64-fedora-gcc 0.2 72.05 NOTE
r-devel-windows-x86_64 0.2 4.00 92.00 96.00 NOTE
r-devel-windows-x86_64-gcc10-UCRT 0.2 NOTE
r-patched-linux-x86_64 0.2 3.22 56.96 60.18 NOTE
r-patched-solaris-x86 0.2 125.60 NOTE
r-release-linux-x86_64 0.2 2.19 56.18 58.37 NOTE
r-release-macos-arm64 0.2 NOTE
r-release-macos-x86_64 0.2 NOTE
r-release-windows-ix86+x86_64 0.2 4.00 90.00 94.00 NOTE
r-oldrel-macos-x86_64 0.2 NOTE
r-oldrel-windows-ix86+x86_64 0.2 5.00 95.00 100.00 NOTE

Check Details

Version: 0.2
Check: R code for possible problems
Result: NOTE
    plot.vscc: no visible global function definition for 'rainbow'
    plot.vscc: no visible global function definition for 'pairs'
    Undefined global functions or variables:
     pairs rainbow
    Consider adding
     importFrom("grDevices", "rainbow")
     importFrom("graphics", "pairs")
    to your NAMESPACE file.
Flavors: r-devel-linux-x86_64-debian-clang, r-devel-linux-x86_64-debian-gcc, r-devel-linux-x86_64-fedora-clang, r-devel-linux-x86_64-fedora-gcc, r-devel-windows-x86_64, r-devel-windows-x86_64-gcc10-UCRT, r-patched-linux-x86_64, r-patched-solaris-x86, r-release-linux-x86_64, r-release-macos-arm64, r-release-macos-x86_64, r-release-windows-ix86+x86_64, r-oldrel-macos-x86_64, r-oldrel-windows-ix86+x86_64