CRAN Package Check Results for Package vscc

Last updated on 2021-10-19 02:48:55 CEST.

Flavor Version Tinstall Tcheck Ttotal Status Flags
r-devel-linux-x86_64-debian-clang 0.2 2.36 57.62 59.98 NOTE
r-devel-linux-x86_64-debian-gcc 0.2 1.54 40.18 41.72 NOTE
r-devel-linux-x86_64-fedora-clang 0.2 81.17 NOTE
r-devel-linux-x86_64-fedora-gcc 0.2 71.40 NOTE
r-devel-windows-x86_64 0.2 4.00 78.00 82.00 NOTE
r-devel-windows-x86_64-gcc10-UCRT 0.2 NOTE
r-patched-linux-x86_64 0.2 3.77 55.68 59.45 NOTE
r-patched-solaris-x86 0.2 125.50 NOTE
r-release-linux-x86_64 0.2 2.21 56.66 58.87 NOTE
r-release-macos-arm64 0.2 NOTE
r-release-macos-x86_64 0.2 NOTE
r-release-windows-ix86+x86_64 0.2 4.00 89.00 93.00 NOTE
r-oldrel-macos-x86_64 0.2 NOTE
r-oldrel-windows-ix86+x86_64 0.2 5.00 90.00 95.00 NOTE

Check Details

Version: 0.2
Check: R code for possible problems
Result: NOTE
    plot.vscc: no visible global function definition for 'rainbow'
    plot.vscc: no visible global function definition for 'pairs'
    Undefined global functions or variables:
     pairs rainbow
    Consider adding
     importFrom("grDevices", "rainbow")
     importFrom("graphics", "pairs")
    to your NAMESPACE file.
Flavors: r-devel-linux-x86_64-debian-clang, r-devel-linux-x86_64-debian-gcc, r-devel-linux-x86_64-fedora-clang, r-devel-linux-x86_64-fedora-gcc, r-devel-windows-x86_64, r-devel-windows-x86_64-gcc10-UCRT, r-patched-linux-x86_64, r-patched-solaris-x86, r-release-linux-x86_64, r-release-macos-arm64, r-release-macos-x86_64, r-release-windows-ix86+x86_64, r-oldrel-macos-x86_64, r-oldrel-windows-ix86+x86_64