CRAN Package Check Results for Package vsd

Last updated on 2022-12-03 02:51:04 CET.

Flavor Version Tinstall Tcheck Ttotal Status Flags
r-devel-linux-x86_64-debian-clang 0.1.0 9.27 103.44 112.71 OK
r-devel-linux-x86_64-debian-gcc 0.1.0 8.37 78.82 87.19 OK
r-devel-linux-x86_64-fedora-clang 0.1.0 156.60 NOTE
r-devel-linux-x86_64-fedora-gcc 0.1.0 151.93 NOTE
r-devel-windows-x86_64 0.1.0 15.00 134.00 149.00 OK
r-patched-linux-x86_64 0.1.0 14.68 97.05 111.73 OK
r-release-linux-x86_64 0.1.0 10.83 97.82 108.65 OK
r-release-macos-arm64 0.1.0 38.00 NOTE
r-release-macos-x86_64 0.1.0 68.00 NOTE
r-release-windows-x86_64 0.1.0 17.00 132.00 149.00 OK
r-oldrel-macos-arm64 0.1.0 39.00 NOTE
r-oldrel-macos-x86_64 0.1.0 75.00 NOTE
r-oldrel-windows-ix86+x86_64 0.1.0 28.00 117.00 145.00 OK

Check Details

Version: 0.1.0
Check: dependencies in R code
Result: NOTE
    Namespace in Imports field not imported from: ‘flexsurv’
     All declared Imports should be used.
Flavors: r-devel-linux-x86_64-fedora-clang, r-devel-linux-x86_64-fedora-gcc, r-release-macos-arm64, r-release-macos-x86_64, r-oldrel-macos-arm64, r-oldrel-macos-x86_64