CRAN Package Check Results for Package vsp

Last updated on 2022-07-06 04:55:24 CEST.

Flavor Version Tinstall Tcheck Ttotal Status Flags
r-devel-linux-x86_64-debian-clang 0.1.0 10.19 119.68 129.87 OK
r-devel-linux-x86_64-debian-gcc 0.1.0 9.85 89.98 99.83 OK
r-devel-linux-x86_64-fedora-clang 0.1.0 163.73 NOTE
r-devel-linux-x86_64-fedora-gcc 0.1.0 163.55 OK
r-devel-windows-x86_64 0.1.0 26.00 150.00 176.00 OK
r-patched-linux-x86_64 0.1.0 17.63 112.72 130.35 OK
r-release-linux-x86_64 0.1.0 9.64 111.86 121.50 OK
r-release-macos-arm64 0.1.0 46.00 OK
r-release-macos-x86_64 0.1.0 84.00 OK
r-release-windows-x86_64 0.1.0 23.00 160.00 183.00 OK
r-oldrel-macos-arm64 0.1.0 42.00 OK
r-oldrel-macos-x86_64 0.1.0 59.00 OK
r-oldrel-windows-ix86+x86_64 0.1.0 26.00 131.00 157.00 OK

Check Details

Version: 0.1.0
Check: Rd cross-references
Result: NOTE
    Undeclared package ‘progress’ in Rd xrefs
Flavor: r-devel-linux-x86_64-fedora-clang