CRAN Package Check Results for Package vtable

Last updated on 2020-07-03 15:48:15 CEST.

Flavor Version Tinstall Tcheck Ttotal Status Flags
r-devel-linux-x86_64-debian-clang 1.2.1 9.27 69.62 78.89 OK
r-devel-linux-x86_64-debian-gcc 1.2.1 8.22 53.08 61.30 OK
r-devel-linux-x86_64-fedora-clang 1.2.1 103.81 NOTE
r-devel-linux-x86_64-fedora-gcc 1.2.1 98.34 NOTE
r-devel-windows-ix86+x86_64 1.2.1 31.00 81.00 112.00 OK
r-patched-linux-x86_64 1.2.1 8.50 67.43 75.93 OK
r-patched-solaris-x86 1.2.1 126.50 NOTE
r-release-linux-x86_64 1.2.1 8.17 67.60 75.77 OK
r-release-osx-x86_64 1.2.1 NOTE
r-release-windows-ix86+x86_64 1.2.1 20.00 79.00 99.00 OK
r-oldrel-osx-x86_64 1.2.1 NOTE
r-oldrel-windows-ix86+x86_64 1.2.1 40.00 134.00 174.00 OK

Check Details

Version: 1.2.1
Check: dependencies in R code
Result: NOTE
    Namespace in Imports field not imported from: ‘haven’
     All declared Imports should be used.
Flavors: r-devel-linux-x86_64-fedora-clang, r-devel-linux-x86_64-fedora-gcc, r-patched-solaris-x86, r-release-osx-x86_64, r-oldrel-osx-x86_64