CRAN Package Check Results for Package wCorr

Last updated on 2021-09-19 13:49:43 CEST.

Flavor Version Tinstall Tcheck Ttotal Status Flags
r-devel-linux-x86_64-debian-clang 1.9.5 80.12 57.65 137.77 OK
r-devel-linux-x86_64-debian-gcc 1.9.5 51.13 44.30 95.43 OK
r-devel-linux-x86_64-fedora-clang 1.9.5 196.17 OK
r-devel-linux-x86_64-fedora-gcc 1.9.5 168.05 OK
r-devel-windows-x86_64 1.9.5 78.00 106.00 184.00 OK
r-devel-windows-x86_64-gcc10-UCRT 1.9.5 ERROR
r-patched-linux-x86_64 1.9.5 61.61 56.28 117.89 OK
r-patched-solaris-x86 1.9.5 161.10 OK
r-release-linux-x86_64 1.9.5 63.50 56.39 119.89 OK
r-release-macos-arm64 1.9.5 OK
r-release-macos-x86_64 1.9.5 OK
r-release-windows-ix86+x86_64 1.9.5 186.00 91.00 277.00 OK
r-oldrel-macos-x86_64 1.9.5 OK
r-oldrel-windows-ix86+x86_64 1.9.5 184.00 94.00 278.00 OK

Check Details

Version: 1.9.5
Check: whether package can be installed
Result: ERROR
    Installation failed.
Flavor: r-devel-windows-x86_64-gcc10-UCRT